Last updated on 2025-05-24 23:50:04 CEST.
Flavor | Version | Tinstall | Tcheck | Ttotal | Status | Flags |
---|---|---|---|---|---|---|
r-devel-linux-x86_64-debian-clang | 0.0.60 | 52.79 | 163.98 | 216.77 | NOTE | |
r-devel-linux-x86_64-debian-gcc | 0.0.60 | 33.46 | 110.95 | 144.41 | NOTE | |
r-devel-linux-x86_64-fedora-clang | 0.0.60 | 338.09 | OK | |||
r-devel-linux-x86_64-fedora-gcc | 0.0.60 | 326.16 | OK | |||
r-devel-windows-x86_64 | 0.0.60 | 47.00 | 197.00 | 244.00 | NOTE | |
r-patched-linux-x86_64 | 0.0.60 | 46.09 | 150.90 | 196.99 | NOTE | |
r-release-linux-x86_64 | 0.0.60 | 45.40 | 148.46 | 193.86 | NOTE | |
r-release-macos-arm64 | 0.0.60 | 72.00 | OK | |||
r-release-macos-x86_64 | 0.0.60 | 175.00 | OK | |||
r-release-windows-x86_64 | 0.0.60 | 46.00 | 181.00 | 227.00 | NOTE | |
r-oldrel-macos-arm64 | 0.0.60 | 74.00 | OK | |||
r-oldrel-macos-x86_64 | 0.0.60 | 122.00 | OK | |||
r-oldrel-windows-x86_64 | 0.0.60 | 62.00 | 223.00 | 285.00 | OK |
Version: 0.0.60
Check: Rd cross-references
Result: NOTE
Found the following Rd file(s) with Rd \link{} targets missing package
anchors:
ATA.BoxCoxAttr.Rd: BoxCox, InvBoxCox, BoxCox.lambda
ATA.Decomposition.Rd: stlplus
Please provide package anchors for all Rd \link{} targets not in the
package itself and the base packages.
Flavors: r-devel-linux-x86_64-debian-clang, r-devel-linux-x86_64-debian-gcc, r-devel-windows-x86_64, r-patched-linux-x86_64, r-release-linux-x86_64, r-release-windows-x86_64