CRAN Package Check Results for Package ARPobservation

Last updated on 2025-07-16 13:48:21 CEST.

Flavor Version Tinstall Tcheck Ttotal Status Flags
r-devel-linux-x86_64-debian-clang 1.2.2 4.18 40.52 44.70 NOTE
r-devel-linux-x86_64-debian-gcc 1.2.2 2.55 30.20 32.75 NOTE
r-devel-linux-x86_64-fedora-clang 1.2.2 70.43 OK
r-devel-linux-x86_64-fedora-gcc 1.2.2 78.09 OK
r-devel-windows-x86_64 1.2.2 5.00 68.00 73.00 OK
r-patched-linux-x86_64 1.2.2 3.77 37.58 41.35 OK
r-release-linux-x86_64 1.2.2 3.21 38.28 41.49 OK
r-release-macos-arm64 1.2.2 30.00 OK
r-release-macos-x86_64 1.2.2 54.00 OK
r-release-windows-x86_64 1.2.2 6.00 69.00 75.00 OK
r-oldrel-macos-arm64 1.2.2 33.00 OK
r-oldrel-macos-x86_64 1.2.2 42.00 OK
r-oldrel-windows-x86_64 1.2.2 6.00 76.00 82.00 OK

Check Details

Version: 1.2.2
Check: CRAN incoming feasibility
Result: NOTE Maintainer: ‘James E. Pustejovsky <jepusto@gmail.com>’ No Authors@R field in DESCRIPTION. Please add one, modifying Authors@R: c(person(given = c("James", "E."), family = "Pustejovsky", role = c("aut", "cre"), email = "jepusto@gmail.com"), person(given = c("with", "contributions", "from", "Daniel", "M."), family = "Swan", role = "aut")) as necessary. Flavors: r-devel-linux-x86_64-debian-clang, r-devel-linux-x86_64-debian-gcc