Last updated on 2025-05-25 23:49:25 CEST.
Flavor | Version | Tinstall | Tcheck | Ttotal | Status | Flags |
---|---|---|---|---|---|---|
r-devel-linux-x86_64-debian-clang | 2.0 | 3.68 | 28.85 | 32.53 | OK | |
r-devel-linux-x86_64-debian-gcc | 2.0 | 2.58 | 21.93 | 24.51 | OK | |
r-devel-linux-x86_64-fedora-clang | 2.0 | 52.14 | OK | |||
r-devel-linux-x86_64-fedora-gcc | 2.0 | 47.53 | OK | |||
r-devel-windows-x86_64 | 2.0 | 7.00 | 63.00 | 70.00 | OK | |
r-patched-linux-x86_64 | 2.0 | 3.20 | 27.54 | 30.74 | OK | |
r-release-linux-x86_64 | 2.0 | 3.58 | 27.88 | 31.46 | OK | |
r-release-macos-arm64 | 2.0 | 27.00 | OK | |||
r-release-macos-x86_64 | 2.0 | 40.00 | OK | |||
r-release-windows-x86_64 | 2.0 | 7.00 | 49.00 | 56.00 | OK | |
r-oldrel-macos-arm64 | 2.0 | 21.00 | NOTE | |||
r-oldrel-macos-x86_64 | 2.0 | 35.00 | NOTE | |||
r-oldrel-windows-x86_64 | 2.0 | 8.00 | 57.00 | 65.00 | OK |
Version: 2.0
Check: package dependencies
Result: NOTE
Package suggested but not available for checking: ‘INLA’
Flavors: r-oldrel-macos-arm64, r-oldrel-macos-x86_64