CRAN Package Check Results for Package weightedGCM

Last updated on 2025-07-24 23:49:42 CEST.

Flavor Version Tinstall Tcheck Ttotal Status Flags
r-devel-linux-x86_64-debian-clang 0.1.0 6.11 62.77 68.88 NOTE
r-devel-linux-x86_64-debian-gcc 0.1.0 5.93 46.93 52.86 NOTE
r-devel-linux-x86_64-fedora-clang 0.1.0 105.00 OK
r-devel-linux-x86_64-fedora-gcc 0.1.0 99.88 OK
r-devel-windows-x86_64 0.1.0 8.00 87.00 95.00 OK
r-patched-linux-x86_64 0.1.0 6.49 59.04 65.53 OK
r-release-linux-x86_64 0.1.0 5.79 58.14 63.93 OK
r-release-macos-arm64 0.1.0 33.00 OK
r-release-macos-x86_64 0.1.0 62.00 OK
r-release-windows-x86_64 0.1.0 8.00 74.00 82.00 OK
r-oldrel-macos-arm64 0.1.0 31.00 OK
r-oldrel-macos-x86_64 0.1.0 48.00 OK
r-oldrel-windows-x86_64 0.1.0 10.00 87.00 97.00 OK

Check Details

Version: 0.1.0
Check: CRAN incoming feasibility
Result: NOTE Maintainer: ‘Cyrill Scheidegger <cyrill.scheidegger@stat.math.ethz.ch>’ The Description field contains Measure" <arXiv:2111.04361>. The test is a generalisation of the Testing and the Generalised Covariance Measure" <arXiv:1804.07203>. Please refer to arXiv e-prints via their arXiv DOI <doi:10.48550/arXiv.YYMM.NNNNN>. Flavors: r-devel-linux-x86_64-debian-clang, r-devel-linux-x86_64-debian-gcc