CRAN Package Check Results for Package vfinputs

Last updated on 2025-07-22 13:49:27 CEST.

Flavor Version Tinstall Tcheck Ttotal Status Flags
r-devel-linux-x86_64-debian-clang 0.1.0 3.83 35.85 39.68 OK
r-devel-linux-x86_64-debian-gcc 0.1.0 2.41 28.56 30.97 OK
r-devel-linux-x86_64-fedora-clang 0.1.0 61.27 OK
r-devel-linux-x86_64-fedora-gcc 0.1.0 57.91 OK
r-devel-windows-x86_64 0.1.0 6.00 52.00 58.00 OK
r-patched-linux-x86_64 0.1.0 3.95 33.09 37.04 OK
r-release-linux-x86_64 0.1.0 3.46 33.35 36.81 OK
r-release-macos-arm64 0.1.0 35.00 OK
r-release-macos-x86_64 0.1.0 35.00 OK
r-release-windows-x86_64 0.1.0 7.00 55.00 62.00 OK
r-oldrel-macos-arm64 0.1.0 25.00 NOTE
r-oldrel-macos-x86_64 0.1.0 30.00 NOTE
r-oldrel-windows-x86_64 0.1.0 7.00 64.00 71.00 NOTE

Check Details

Version: 0.1.0
Check: LazyData
Result: NOTE 'LazyData' is specified without a 'data' directory Flavors: r-oldrel-macos-arm64, r-oldrel-macos-x86_64, r-oldrel-windows-x86_64