Last updated on 2025-07-24 09:50:15 CEST.
Flavor | Version | Tinstall | Tcheck | Ttotal | Status | Flags |
---|---|---|---|---|---|---|
r-devel-linux-x86_64-debian-clang | 0.5.2 | 6.44 | 61.63 | 68.07 | NOTE | |
r-devel-linux-x86_64-debian-gcc | 0.5.2 | 4.69 | 43.15 | 47.84 | NOTE | |
r-devel-linux-x86_64-fedora-clang | 0.5.2 | 110.19 | NOTE | |||
r-devel-linux-x86_64-fedora-gcc | 0.5.2 | 97.79 | NOTE | |||
r-devel-windows-x86_64 | 0.5.2 | 9.00 | 79.00 | 88.00 | NOTE | |
r-patched-linux-x86_64 | 0.5.2 | 7.12 | 55.95 | 63.07 | NOTE | |
r-release-linux-x86_64 | 0.5.2 | 5.62 | 56.47 | 62.09 | NOTE | |
r-release-macos-arm64 | 0.5.2 | 28.00 | NOTE | |||
r-release-macos-x86_64 | 0.5.2 | 52.00 | NOTE | |||
r-release-windows-x86_64 | 0.5.2 | 10.00 | 82.00 | 92.00 | NOTE | |
r-oldrel-macos-arm64 | 0.5.2 | 31.00 | OK | |||
r-oldrel-macos-x86_64 | 0.5.2 | 47.00 | OK | |||
r-oldrel-windows-x86_64 | 0.5.2 | 11.00 | 91.00 | 102.00 | OK |
Version: 0.5.2
Check: DESCRIPTION meta-information
Result: NOTE
Missing dependency on R >= 4.1.0 because package code uses the pipe
|> or function shorthand \(...) syntax added in R 4.1.0.
File(s) using such syntax:
‘intersection_powerset.R’ ‘powerset_icounts.Rd’ ‘pr.R’ ‘pr.boot.Rd’
Flavors: r-devel-linux-x86_64-debian-clang, r-devel-linux-x86_64-debian-gcc, r-devel-linux-x86_64-fedora-clang, r-devel-linux-x86_64-fedora-gcc, r-devel-windows-x86_64, r-patched-linux-x86_64, r-release-linux-x86_64, r-release-macos-arm64, r-release-macos-x86_64, r-release-windows-x86_64