Last updated on 2025-07-21 00:50:04 CEST.
Flavor | Version | Tinstall | Tcheck | Ttotal | Status | Flags |
---|---|---|---|---|---|---|
r-devel-linux-x86_64-debian-clang | 0.5.0 | 1.94 | 18.30 | 20.24 | OK | |
r-devel-linux-x86_64-debian-gcc | 0.5.0 | 1.48 | 15.11 | 16.59 | OK | |
r-devel-linux-x86_64-fedora-clang | 0.5.0 | 34.52 | OK | |||
r-devel-linux-x86_64-fedora-gcc | 0.5.0 | 32.33 | OK | |||
r-devel-windows-x86_64 | 0.5.0 | 3.00 | 36.00 | 39.00 | OK | |
r-patched-linux-x86_64 | 0.5.0 | 1.99 | 17.23 | 19.22 | OK | |
r-release-linux-x86_64 | 0.5.0 | 2.03 | 17.21 | 19.24 | OK | |
r-release-macos-arm64 | 0.5.0 | 15.00 | OK | |||
r-release-macos-x86_64 | 0.5.0 | 22.00 | OK | |||
r-release-windows-x86_64 | 0.5.0 | 3.00 | 39.00 | 42.00 | OK | |
r-oldrel-macos-arm64 | 0.5.0 | 12.00 | NOTE | |||
r-oldrel-macos-x86_64 | 0.5.0 | 19.00 | NOTE | |||
r-oldrel-windows-x86_64 | 0.5.0 | 3.00 | 36.00 | 39.00 | NOTE |
Version: 0.5.0
Check: LazyData
Result: NOTE
'LazyData' is specified without a 'data' directory
Flavors: r-oldrel-macos-arm64, r-oldrel-macos-x86_64, r-oldrel-windows-x86_64