CRAN Package Check Results for Package tools4uplift

Last updated on 2025-07-24 09:50:14 CEST.

Flavor Version Tinstall Tcheck Ttotal Status Flags
r-devel-linux-x86_64-debian-clang 1.0.0 10.93 92.30 103.23 NOTE
r-devel-linux-x86_64-debian-gcc 1.0.0 6.84 64.96 71.80 NOTE
r-devel-linux-x86_64-fedora-clang 1.0.0 161.00 OK
r-devel-linux-x86_64-fedora-gcc 1.0.0 147.30 OK
r-devel-windows-x86_64 1.0.0 12.00 97.00 109.00 OK
r-patched-linux-x86_64 1.0.0 8.54 84.33 92.87 OK
r-release-linux-x86_64 1.0.0 8.89 84.98 93.87 OK
r-release-macos-arm64 1.0.0 41.00 OK
r-release-macos-x86_64 1.0.0 78.00 OK
r-release-windows-x86_64 1.0.0 12.00 98.00 110.00 OK
r-oldrel-macos-arm64 1.0.0 42.00 OK
r-oldrel-macos-x86_64 1.0.0 65.00 OK
r-oldrel-windows-x86_64 1.0.0 14.00 121.00 135.00 OK

Check Details

Version: 1.0.0
Check: CRAN incoming feasibility
Result: NOTE Maintainer: ‘Mouloud Belbahri <mouloud.belbahri@gmail.com>’ No Authors@R field in DESCRIPTION. Please add one, modifying Authors@R: c(person(given = "Mouloud", family = "Belbahri", role = c("aut", "cre"), email = "mouloud.belbahri@gmail.com"), person(given = "Olivier", family = "Gandouet", role = "aut"), person(given = "Alejandro", family = "Murua", role = "aut"), person(given = c("Vahid", "Partovi"), family = "Nia", role = "aut")) as necessary. Flavors: r-devel-linux-x86_64-debian-clang, r-devel-linux-x86_64-debian-gcc