Last updated on 2025-07-24 13:49:28 CEST.
Flavor | Version | Tinstall | Tcheck | Ttotal | Status | Flags |
---|---|---|---|---|---|---|
r-devel-linux-x86_64-debian-clang | 0.2-10 | 3.15 | 29.39 | 32.54 | NOTE | |
r-devel-linux-x86_64-debian-gcc | 0.2-10 | 2.26 | 23.36 | 25.62 | NOTE | |
r-devel-linux-x86_64-fedora-clang | 0.2-10 | 51.24 | OK | |||
r-devel-linux-x86_64-fedora-gcc | 0.2-10 | 47.77 | OK | |||
r-devel-windows-x86_64 | 0.2-10 | 5.00 | 50.00 | 55.00 | OK | |
r-patched-linux-x86_64 | 0.2-10 | 3.36 | 27.83 | 31.19 | OK | |
r-release-linux-x86_64 | 0.2-10 | 3.16 | 28.00 | 31.16 | OK | |
r-release-macos-arm64 | 0.2-10 | 20.00 | OK | |||
r-release-macos-x86_64 | 0.2-10 | 34.00 | OK | |||
r-release-windows-x86_64 | 0.2-10 | 5.00 | 53.00 | 58.00 | OK | |
r-oldrel-macos-arm64 | 0.2-10 | 19.00 | OK | |||
r-oldrel-macos-x86_64 | 0.2-10 | 27.00 | OK | |||
r-oldrel-windows-x86_64 | 0.2-10 | 6.00 | 54.00 | 60.00 | OK |
Version: 0.2-10
Check: CRAN incoming feasibility
Result: NOTE
Maintainer: ‘Stefan Theussl <Stefan.Theussl@R-project.org>’
Package CITATION file contains call(s) to old-style personList() or
as.personList(). Please use c() on person objects instead.
Package CITATION file contains call(s) to old-style citEntry(). Please
use bibentry() instead.
Flavors: r-devel-linux-x86_64-debian-clang, r-devel-linux-x86_64-debian-gcc