Last updated on 2025-07-24 23:49:40 CEST.
Flavor | Version | Tinstall | Tcheck | Ttotal | Status | Flags |
---|---|---|---|---|---|---|
r-devel-linux-x86_64-debian-clang | 0.4.3 | 13.50 | 108.99 | 122.49 | NOTE | |
r-devel-linux-x86_64-debian-gcc | 0.4.3 | 9.33 | 78.31 | 87.64 | NOTE | |
r-devel-linux-x86_64-fedora-clang | 0.4.3 | 188.79 | NOTE | |||
r-devel-linux-x86_64-fedora-gcc | 0.4.3 | 187.84 | NOTE | |||
r-devel-windows-x86_64 | 0.4.3 | 14.00 | 115.00 | 129.00 | NOTE | |
r-patched-linux-x86_64 | 0.4.3 | 12.08 | 103.86 | 115.94 | NOTE | |
r-release-linux-x86_64 | 0.4.3 | 12.28 | 102.56 | 114.84 | NOTE | |
r-release-macos-arm64 | 0.4.3 | 56.00 | NOTE | |||
r-release-macos-x86_64 | 0.4.3 | 103.00 | NOTE | |||
r-release-windows-x86_64 | 0.4.3 | 14.00 | 114.00 | 128.00 | NOTE | |
r-oldrel-macos-arm64 | 0.4.3 | 59.00 | OK | |||
r-oldrel-macos-x86_64 | 0.4.3 | 172.00 | OK | |||
r-oldrel-windows-x86_64 | 0.4.3 | 17.00 | 142.00 | 159.00 | OK |
Version: 0.4.3
Check: DESCRIPTION meta-information
Result: NOTE
Missing dependency on R >= 4.1.0 because package code uses the pipe
|> or function shorthand \(...) syntax added in R 4.1.0.
File(s) using such syntax:
‘get_diag.Rd’ ‘get_effects.Rd’ ‘get_network.Rd’ ‘stm_diag.R’
‘stm_effects.R’ ‘stm_network.R’
Flavors: r-devel-linux-x86_64-debian-clang, r-devel-linux-x86_64-debian-gcc, r-devel-linux-x86_64-fedora-clang, r-devel-linux-x86_64-fedora-gcc, r-devel-windows-x86_64, r-patched-linux-x86_64, r-release-linux-x86_64, r-release-macos-arm64, r-release-windows-x86_64
Version: 0.4.3
Check: DESCRIPTION meta-information
Result: NOTE
Missing dependency on R >= 4.1.0 because package code uses the pipe
|> or function shorthand \(...) syntax added in R 4.1.0.
File(s) using such syntax:
‘stm_diag.R’ ‘stm_effects.R’ ‘stm_network.R’
Flavor: r-release-macos-x86_64