Last updated on 2025-07-24 09:50:13 CEST.
Flavor | Version | Tinstall | Tcheck | Ttotal | Status | Flags |
---|---|---|---|---|---|---|
r-devel-linux-x86_64-debian-clang | 0.1.0 | 8.42 | 73.30 | 81.72 | NOTE | |
r-devel-linux-x86_64-debian-gcc | 0.1.0 | 6.19 | 54.52 | 60.71 | NOTE | |
r-devel-linux-x86_64-fedora-clang | 0.1.0 | 129.41 | OK | |||
r-devel-linux-x86_64-fedora-gcc | 0.1.0 | 137.79 | OK | |||
r-devel-windows-x86_64 | 0.1.0 | 10.00 | 81.00 | 91.00 | OK | |
r-patched-linux-x86_64 | 0.1.0 | 9.03 | 70.53 | 79.56 | OK | |
r-release-linux-x86_64 | 0.1.0 | 9.13 | 70.36 | 79.49 | OK | |
r-release-macos-arm64 | 0.1.0 | 60.00 | OK | |||
r-release-macos-x86_64 | 0.1.0 | 96.00 | OK | |||
r-release-windows-x86_64 | 0.1.0 | 9.00 | 84.00 | 93.00 | OK | |
r-oldrel-macos-arm64 | 0.1.0 | 48.00 | OK | |||
r-oldrel-macos-x86_64 | 0.1.0 | 68.00 | OK | |||
r-oldrel-windows-x86_64 | 0.1.0 | 13.00 | 103.00 | 116.00 | OK |
Version: 0.1.0
Check: CRAN incoming feasibility
Result: NOTE
Maintainer: ‘Weimin Zhang <zhangwm@hotmail.com>’
Found the following URLs which should use \doi (with the DOI name only):
File ‘asrm.Rd’:
https://doi.org/10.1111/biom.12997
File ‘sorocs.Rd’:
https://doi.org/10.1111/biom.12997
Flavors: r-devel-linux-x86_64-debian-clang, r-devel-linux-x86_64-debian-gcc