Last updated on 2025-07-24 17:49:37 CEST.
Flavor | Version | Tinstall | Tcheck | Ttotal | Status | Flags |
---|---|---|---|---|---|---|
r-devel-linux-x86_64-debian-clang | 1.1.3 | 2.87 | 26.58 | 29.45 | OK | |
r-devel-linux-x86_64-debian-gcc | 1.1.3 | 2.20 | 20.76 | 22.96 | OK | |
r-devel-linux-x86_64-fedora-clang | 1.1.3 | 47.75 | NOTE | |||
r-devel-linux-x86_64-fedora-gcc | 1.1.3 | 42.51 | NOTE | |||
r-devel-windows-x86_64 | 1.1.3 | 4.00 | 47.00 | 51.00 | OK | |
r-patched-linux-x86_64 | 1.1.3 | 3.16 | 24.63 | 27.79 | OK | |
r-release-linux-x86_64 | 1.1.3 | 2.82 | 24.39 | 27.21 | OK | |
r-release-macos-arm64 | 1.1.3 | 21.00 | OK | |||
r-release-macos-x86_64 | 1.1.3 | 30.00 | OK | |||
r-release-windows-x86_64 | 1.1.3 | 4.00 | 48.00 | 52.00 | OK | |
r-oldrel-macos-arm64 | 1.1.3 | 18.00 | OK | |||
r-oldrel-macos-x86_64 | 1.1.3 | 26.00 | OK | |||
r-oldrel-windows-x86_64 | 1.1.3 | 6.00 | 52.00 | 58.00 | OK |
Version: 1.1.3
Check: dependencies in R code
Result: NOTE
Namespaces in Imports field not imported from:
‘R6’ ‘lgr’
All declared Imports should be used.
Flavors: r-devel-linux-x86_64-fedora-clang, r-devel-linux-x86_64-fedora-gcc