Last updated on 2025-07-24 09:50:12 CEST.
Flavor | Version | Tinstall | Tcheck | Ttotal | Status | Flags |
---|---|---|---|---|---|---|
r-devel-linux-x86_64-debian-clang | 0.2.0 | 9.25 | 102.46 | 111.71 | NOTE | |
r-devel-linux-x86_64-debian-gcc | 0.2.0 | 6.82 | 76.06 | 82.88 | NOTE | |
r-devel-linux-x86_64-fedora-clang | 0.2.0 | 180.22 | OK | |||
r-devel-linux-x86_64-fedora-gcc | 0.2.0 | 184.60 | OK | |||
r-devel-windows-x86_64 | 0.2.0 | 13.00 | 211.00 | 224.00 | OK | |
r-patched-linux-x86_64 | 0.2.0 | 10.78 | 92.96 | 103.74 | OK | |
r-release-linux-x86_64 | 0.2.0 | 9.78 | 92.52 | 102.30 | OK | |
r-release-macos-arm64 | 0.2.0 | 65.00 | OK | |||
r-release-macos-x86_64 | 0.2.0 | 128.00 | OK | |||
r-release-windows-x86_64 | 0.2.0 | 15.00 | 213.00 | 228.00 | OK | |
r-oldrel-macos-arm64 | 0.2.0 | 78.00 | OK | |||
r-oldrel-macos-x86_64 | 0.2.0 | 107.00 | OK | |||
r-oldrel-windows-x86_64 | 0.2.0 | 18.00 | 238.00 | 256.00 | OK |
Version: 0.2.0
Check: DESCRIPTION meta-information
Result: NOTE
Author field differs from that derived from Authors@R
Author: ‘Sean Kross [aut], Scott Chamberlain [aut, cre] (<https://orcid.org/0000-0003-1444-9135>), Fred Hutchinson Cancer Center [fnd] (007ps6h72)’
Authors@R: ‘Sean Kross [aut], Scott Chamberlain [aut, cre] (ORCID: <https://orcid.org/0000-0003-1444-9135>), Fred Hutchinson Cancer Center [fnd] (ROR: <https://ror.org/007ps6h72>)’
Flavors: r-devel-linux-x86_64-debian-clang, r-devel-linux-x86_64-debian-gcc