CRAN Package Check Results for Package shinyChakraSlider

Last updated on 2025-07-24 09:50:12 CEST.

Flavor Version Tinstall Tcheck Ttotal Status Flags
r-devel-linux-x86_64-debian-clang 0.1.0 3.19 29.43 32.62 OK
r-devel-linux-x86_64-debian-gcc 0.1.0 2.56 24.48 27.04 OK
r-devel-linux-x86_64-fedora-clang 0.1.0 52.58 OK
r-devel-linux-x86_64-fedora-gcc 0.1.0 48.90 OK
r-devel-windows-x86_64 0.1.0 7.00 57.00 64.00 OK
r-patched-linux-x86_64 0.1.0 3.30 28.50 31.80 OK
r-release-linux-x86_64 0.1.0 3.49 28.42 31.91 OK
r-release-macos-arm64 0.1.0 27.00 OK
r-release-macos-x86_64 0.1.0 34.00 OK
r-release-windows-x86_64 0.1.0 7.00 53.00 60.00 OK
r-oldrel-macos-arm64 0.1.0 19.00 NOTE
r-oldrel-macos-x86_64 0.1.0 28.00 NOTE
r-oldrel-windows-x86_64 0.1.0 8.00 58.00 66.00 NOTE

Check Details

Version: 0.1.0
Check: installed package size
Result: NOTE installed size is 9.5Mb sub-directories of 1Mb or more: www 9.4Mb Flavors: r-oldrel-macos-arm64, r-oldrel-macos-x86_64, r-oldrel-windows-x86_64

Version: 0.1.0
Check: LazyData
Result: NOTE 'LazyData' is specified without a 'data' directory Flavors: r-oldrel-macos-arm64, r-oldrel-macos-x86_64, r-oldrel-windows-x86_64