Last updated on 2025-07-25 17:50:07 CEST.
Flavor | Version | Tinstall | Tcheck | Ttotal | Status | Flags |
---|---|---|---|---|---|---|
r-devel-linux-x86_64-debian-clang | 0.1.1 | 11.29 | 135.65 | 146.94 | OK | |
r-devel-linux-x86_64-debian-gcc | 0.1.1 | 7.74 | 95.14 | 102.88 | OK | |
r-devel-linux-x86_64-fedora-clang | 0.1.1 | 234.95 | OK | |||
r-devel-linux-x86_64-fedora-gcc | 0.1.1 | 234.54 | OK | |||
r-devel-windows-x86_64 | 0.1.1 | 12.00 | 149.00 | 161.00 | OK | |
r-patched-linux-x86_64 | 0.1.1 | 10.97 | 126.00 | 136.97 | OK | |
r-release-linux-x86_64 | 0.1.1 | 10.83 | 127.84 | 138.67 | OK | |
r-release-macos-arm64 | 0.1.1 | 65.00 | OK | |||
r-release-macos-x86_64 | 0.1.1 | 164.00 | OK | |||
r-release-windows-x86_64 | 0.1.1 | 13.00 | 132.00 | 145.00 | OK | |
r-oldrel-macos-arm64 | 0.1.1 | 61.00 | NOTE | |||
r-oldrel-macos-x86_64 | 0.1.1 | 91.00 | NOTE | |||
r-oldrel-windows-x86_64 | 0.1.1 | 16.00 | 173.00 | 189.00 | NOTE |
Version: 0.1.1
Check: LazyData
Result: NOTE
'LazyData' is specified without a 'data' directory
Flavors: r-oldrel-macos-arm64, r-oldrel-macos-x86_64, r-oldrel-windows-x86_64