CRAN Package Check Results for Package sambia

Last updated on 2025-07-28 13:49:46 CEST.

Flavor Version Tinstall Tcheck Ttotal Status Flags
r-devel-linux-x86_64-debian-clang 0.1.0 9.19 82.02 91.21 NOTE
r-devel-linux-x86_64-debian-gcc 0.1.0 6.13 58.23 64.36 NOTE
r-devel-linux-x86_64-fedora-clang 0.1.0 139.31 OK
r-devel-linux-x86_64-fedora-gcc 0.1.0 133.05 OK
r-devel-windows-x86_64 0.1.0 10.00 100.00 110.00 OK
r-patched-linux-x86_64 0.1.0 9.27 74.87 84.14 OK
r-release-linux-x86_64 0.1.0 8.57 74.79 83.36 OK
r-release-macos-arm64 0.1.0 41.00 OK
r-release-macos-x86_64 0.1.0 72.00 OK
r-release-windows-x86_64 0.1.0 9.00 89.00 98.00 OK
r-oldrel-macos-arm64 0.1.0 39.00 NOTE
r-oldrel-macos-x86_64 0.1.0 60.00 NOTE
r-oldrel-windows-x86_64 0.1.0 13.00 108.00 121.00 NOTE

Check Details

Version: 0.1.0
Check: CRAN incoming feasibility
Result: NOTE Maintainer: ‘Norbert Krautenbacher <norbert.krautenbacher@tum.de>’ No Authors@R field in DESCRIPTION. Please add one, modifying Authors@R: c(person(given = "Norbert", family = "Krautenbacher", role = c("aut", "cre"), email = "norbert.krautenbacher@tum.de"), person(given = "Kevin", family = "Strauss", role = "aut"), person(given = "Maximilian", family = "Mandl", role = "aut"), person(given = "Christiane", family = "Fuchs", role = "aut")) as necessary. Flavors: r-devel-linux-x86_64-debian-clang, r-devel-linux-x86_64-debian-gcc

Version: 0.1.0
Check: LazyData
Result: NOTE 'LazyData' is specified without a 'data' directory Flavors: r-oldrel-macos-arm64, r-oldrel-macos-x86_64, r-oldrel-windows-x86_64