Last updated on 2025-07-23 14:50:05 CEST.
Flavor | Version | Tinstall | Tcheck | Ttotal | Status | Flags |
---|---|---|---|---|---|---|
r-devel-linux-x86_64-debian-clang | 0.9.15 | 4.35 | 19.54 | 23.89 | OK | |
r-devel-linux-x86_64-debian-gcc | 0.9.15 | 3.78 | 16.67 | 20.45 | OK | |
r-devel-linux-x86_64-fedora-clang | 0.9.15 | 39.65 | OK | |||
r-devel-linux-x86_64-fedora-gcc | 0.9.15 | 37.16 | OK | |||
r-devel-windows-x86_64 | 0.9.15 | 10.00 | 60.00 | 70.00 | OK | |
r-patched-linux-x86_64 | 0.9.15 | 4.96 | 18.52 | 23.48 | OK | |
r-release-linux-x86_64 | 0.9.15 | 4.45 | 18.61 | 23.06 | OK | |
r-release-macos-arm64 | 0.9.15 | 23.00 | OK | |||
r-release-macos-x86_64 | 0.9.15 | 36.00 | OK | |||
r-release-windows-x86_64 | 0.9.15 | 9.00 | 67.00 | 76.00 | OK | |
r-oldrel-macos-arm64 | 0.9.15 | 23.00 | NOTE | |||
r-oldrel-macos-x86_64 | 0.9.15 | 43.00 | NOTE | |||
r-oldrel-windows-x86_64 | 0.9.15 | 15.00 | 65.00 | 80.00 | OK |
Version: 0.9.15
Check: installed package size
Result: NOTE
installed size is 11.2Mb
sub-directories of 1Mb or more:
libs 11.1Mb
Flavors: r-oldrel-macos-arm64, r-oldrel-macos-x86_64