Last updated on 2025-07-24 04:50:23 CEST.
Flavor | Version | Tinstall | Tcheck | Ttotal | Status | Flags |
---|---|---|---|---|---|---|
r-devel-linux-x86_64-debian-clang | 1.0.0 | 5.19 | 60.13 | 65.32 | OK | |
r-devel-linux-x86_64-debian-gcc | 1.0.0 | 3.88 | 46.73 | 50.61 | OK | |
r-devel-linux-x86_64-fedora-clang | 1.0.0 | 102.08 | OK | |||
r-devel-linux-x86_64-fedora-gcc | 1.0.0 | 116.79 | OK | |||
r-devel-windows-x86_64 | 1.0.0 | 7.00 | 81.00 | 88.00 | OK | |
r-patched-linux-x86_64 | 1.0.0 | 6.65 | 57.03 | 63.68 | OK | |
r-release-linux-x86_64 | 1.0.0 | 4.88 | 57.23 | 62.11 | OK | |
r-release-macos-arm64 | 1.0.0 | 47.00 | OK | |||
r-release-macos-x86_64 | 1.0.0 | 77.00 | OK | |||
r-release-windows-x86_64 | 1.0.0 | 7.00 | 83.00 | 90.00 | OK | |
r-oldrel-macos-arm64 | 1.0.0 | 42.00 | NOTE | |||
r-oldrel-macos-x86_64 | 1.0.0 | 62.00 | NOTE | |||
r-oldrel-windows-x86_64 | 1.0.0 | 8.00 | 96.00 | 104.00 | NOTE |
Version: 1.0.0
Check: package dependencies
Result: NOTE
Package suggested but not available for checking: ‘rnaturalearthhires’
Flavors: r-oldrel-macos-arm64, r-oldrel-macos-x86_64, r-oldrel-windows-x86_64