Last updated on 2025-07-25 13:50:31 CEST.
Flavor | Version | Tinstall | Tcheck | Ttotal | Status | Flags |
---|---|---|---|---|---|---|
r-devel-linux-x86_64-debian-clang | 0.9-2.1 | 290.14 | 240.02 | 530.16 | OK | |
r-devel-linux-x86_64-debian-gcc | 0.9-2.1 | 222.10 | 156.68 | 378.78 | OK | |
r-devel-linux-x86_64-fedora-clang | 0.9-2.1 | 927.88 | OK | |||
r-devel-linux-x86_64-fedora-gcc | 0.9-2.1 | 1036.49 | OK | |||
r-devel-windows-x86_64 | 0.9-2.1 | 363.00 | 293.00 | 656.00 | OK | |
r-patched-linux-x86_64 | 0.9-2 | 317.90 | 218.19 | 536.09 | OK | |
r-release-macos-arm64 | 0.9-1 | 217.00 | NOTE | |||
r-release-macos-x86_64 | 0.9-2.1 | 330.00 | OK | |||
r-release-windows-x86_64 | 0.9-2.1 | 363.00 | 270.00 | 633.00 | OK | |
r-oldrel-macos-arm64 | 0.9-1 | 185.00 | NOTE | |||
r-oldrel-macos-x86_64 | 0.9-2.1 | 323.00 | NOTE | |||
r-oldrel-windows-x86_64 | 0.9-2.1 | 327.00 | 316.00 | 643.00 | NOTE |
Version: 0.9-1
Check: compiled code
Result: NOTE
File ‘rlibkriging/libs/rlibkriging.so’:
Found ‘__ZNSt3__14cerrE’, possibly from ‘std::cerr’ (C++)
Objects: ‘../inst/lib/libKriging.a’,
‘libK/build/src/lib/libKriging.a’
Found ‘__ZNSt3__14coutE’, possibly from ‘std::cout’ (C++)
Objects: ‘../inst/lib/libKriging.a’,
‘libK/build/src/lib/libKriging.a’
Compiled code should not call entry points which might terminate R nor
write to stdout/stderr instead of to the console, nor use Fortran I/O
nor system RNGs nor [v]sprintf.
See ‘Writing portable packages’ in the ‘Writing R Extensions’ manual.
Flavor: r-release-macos-arm64
Version: 0.9-1
Check: installed package size
Result: NOTE
installed size is 71.3Mb
sub-directories of 1Mb or more:
include 7.3Mb
lib 37.3Mb
libs 26.2Mb
Flavor: r-oldrel-macos-arm64
Version: 0.9-1
Check: for GNU extensions in Makefiles
Result: NOTE
GNU make is a SystemRequirements.
Flavor: r-oldrel-macos-arm64
Version: 0.9-2.1
Check: installed package size
Result: NOTE
installed size is 72.3Mb
sub-directories of 1Mb or more:
include 7.3Mb
lib 38.2Mb
libs 26.3Mb
Flavors: r-oldrel-macos-x86_64, r-oldrel-windows-x86_64
Version: 0.9-2.1
Check: for GNU extensions in Makefiles
Result: NOTE
GNU make is a SystemRequirements.
Flavors: r-oldrel-macos-x86_64, r-oldrel-windows-x86_64