Last updated on 2025-07-22 17:50:43 CEST.
Flavor | Version | Tinstall | Tcheck | Ttotal | Status | Flags |
---|---|---|---|---|---|---|
r-devel-linux-x86_64-debian-clang | 1.0.1 | 4.51 | 37.53 | 42.04 | OK | |
r-devel-linux-x86_64-debian-gcc | 1.0.1 | 2.64 | 29.24 | 31.88 | OK | |
r-devel-linux-x86_64-fedora-clang | 1.0.1 | 67.05 | OK | |||
r-devel-linux-x86_64-fedora-gcc | 1.0.1 | 76.71 | OK | |||
r-devel-windows-x86_64 | 1.0.1 | 6.00 | 55.00 | 61.00 | OK | |
r-patched-linux-x86_64 | 1.0.1 | 4.10 | 35.46 | 39.56 | OK | |
r-release-linux-x86_64 | 1.0.1 | 3.99 | 35.04 | 39.03 | OK | |
r-release-macos-arm64 | 1.0.1 | 31.00 | OK | |||
r-release-macos-x86_64 | 1.0.1 | 53.00 | OK | |||
r-release-windows-x86_64 | 1.0.1 | 6.00 | 58.00 | 64.00 | OK | |
r-oldrel-macos-arm64 | 1.0.1 | 29.00 | NOTE | |||
r-oldrel-macos-x86_64 | 1.0.1 | 43.00 | NOTE | |||
r-oldrel-windows-x86_64 | 1.0.1 | 8.00 | 62.00 | 70.00 | NOTE |
Version: 1.0.1
Check: LazyData
Result: NOTE
'LazyData' is specified without a 'data' directory
Flavors: r-oldrel-macos-arm64, r-oldrel-macos-x86_64, r-oldrel-windows-x86_64