CRAN Package Check Results for Package redatamx

Last updated on 2025-07-24 17:49:33 CEST.

Flavor Version Tinstall Tcheck Ttotal Status Flags
r-devel-linux-x86_64-debian-clang 1.1.4 16.82 21.14 37.96 OK
r-devel-linux-x86_64-debian-gcc 1.1.4 11.25 18.24 29.49 OK
r-devel-linux-x86_64-fedora-clang 1.1.4 69.44 OK
r-devel-linux-x86_64-fedora-gcc 1.1.4 56.72 OK
r-devel-windows-x86_64 1.1.4 35.00 51.00 86.00 OK
r-patched-linux-x86_64 1.1.4 15.38 19.15 34.53 OK
r-release-linux-x86_64 1.1.4 14.95 19.15 34.10 OK
r-release-macos-arm64 1.1.4 27.00 OK
r-release-macos-x86_64 1.1.4 45.00 OK
r-release-windows-x86_64 1.1.4 37.00 52.00 89.00 OK
r-oldrel-macos-arm64 1.1.4 33.00 NOTE
r-oldrel-macos-x86_64 1.1.4 46.00 NOTE
r-oldrel-windows-x86_64 1.1.4 36.00 54.00 90.00 NOTE

Check Details

Version: 1.1.4
Check: installed package size
Result: NOTE installed size is 31.2Mb sub-directories of 1Mb or more: libs 1.6Mb redengine 29.5Mb Flavors: r-oldrel-macos-arm64, r-oldrel-macos-x86_64, r-oldrel-windows-x86_64