CRAN Package Check Results for Package randomizeBE

Last updated on 2025-07-22 13:49:21 CEST.

Flavor Version Tinstall Tcheck Ttotal Status Flags
r-devel-linux-x86_64-debian-clang 0.3-6 2.00 18.84 20.84 NOTE
r-devel-linux-x86_64-debian-gcc 0.3-6 1.61 16.37 17.98 NOTE
r-devel-linux-x86_64-fedora-clang 0.3-6 32.68 OK
r-devel-linux-x86_64-fedora-gcc 0.3-6 31.10 OK
r-devel-windows-x86_64 0.3-6 2.00 40.00 42.00 OK
r-patched-linux-x86_64 0.3-6 2.04 17.91 19.95 OK
r-release-linux-x86_64 0.3-6 1.92 18.16 20.08 OK
r-release-macos-arm64 0.3-6 14.00 OK
r-release-macos-x86_64 0.3-6 23.00 OK
r-release-windows-x86_64 0.3-6 3.00 41.00 44.00 OK
r-oldrel-macos-arm64 0.3-6 15.00 OK
r-oldrel-macos-x86_64 0.3-6 20.00 OK
r-oldrel-windows-x86_64 0.3-6 2.00 45.00 47.00 OK

Check Details

Version: 0.3-6
Check: CRAN incoming feasibility
Result: NOTE Maintainer: ‘D. Labes <detlewlabes@gmx.de>’ No Authors@R field in DESCRIPTION. Please add one, modifying Authors@R: person(given = "D.", family = "Labes", role = c("aut", "cre"), email = "detlewlabes@gmx.de") as necessary. Flavors: r-devel-linux-x86_64-debian-clang, r-devel-linux-x86_64-debian-gcc