CRAN Package Check Results for Package predieval

Last updated on 2025-07-22 23:50:00 CEST.

Flavor Version Tinstall Tcheck Ttotal Status Flags
r-devel-linux-x86_64-debian-clang 0.1.1 7.43 60.99 68.42 NOTE
r-devel-linux-x86_64-debian-gcc 0.1.1 5.34 43.99 49.33 NOTE
r-devel-linux-x86_64-fedora-clang 0.1.1 108.07 OK
r-devel-linux-x86_64-fedora-gcc 0.1.1 103.08 OK
r-devel-windows-x86_64 0.1.1 9.00 74.00 83.00 OK
r-patched-linux-x86_64 0.1.1 7.71 57.99 65.70 OK
r-release-linux-x86_64 0.1.1 7.28 58.43 65.71 OK
r-release-macos-arm64 0.1.1 31.00 OK
r-release-macos-x86_64 0.1.1 54.00 OK
r-release-windows-x86_64 0.1.1 9.00 74.00 83.00 OK
r-oldrel-macos-arm64 0.1.1 31.00 OK
r-oldrel-macos-x86_64 0.1.1 43.00 OK
r-oldrel-windows-x86_64 0.1.1 12.00 93.00 105.00 OK

Check Details

Version: 0.1.1
Check: CRAN incoming feasibility
Result: NOTE Maintainer: ‘Orestis Efthimiou <oremiou@gmail.com>’ No Authors@R field in DESCRIPTION. Please add one, modifying Authors@R: person(given = "Orestis", family = "Efthimiou", role = c("aut", "cre"), email = "oremiou@gmail.com") as necessary. Flavors: r-devel-linux-x86_64-debian-clang, r-devel-linux-x86_64-debian-gcc