Last updated on 2025-07-22 09:50:41 CEST.
Flavor | Version | Tinstall | Tcheck | Ttotal | Status | Flags |
---|---|---|---|---|---|---|
r-devel-linux-x86_64-debian-clang | 1.0.1 | 27.38 | 203.15 | 230.53 | NOTE | |
r-devel-linux-x86_64-debian-gcc | 1.0.1 | 18.17 | 143.95 | 162.12 | NOTE | |
r-devel-linux-x86_64-fedora-clang | 1.0.1 | 379.55 | OK | |||
r-devel-linux-x86_64-fedora-gcc | 1.0.1 | 339.81 | OK | |||
r-devel-windows-x86_64 | 1.0.1 | 31.00 | 201.00 | 232.00 | NOTE | |
r-patched-linux-x86_64 | 1.0.1 | 26.79 | 188.94 | 215.73 | NOTE | |
r-release-linux-x86_64 | 1.0.1 | 23.32 | 192.75 | 216.07 | NOTE | |
r-release-macos-arm64 | 1.0.1 | 89.00 | OK | |||
r-release-macos-x86_64 | 1.0.1 | 174.00 | OK | |||
r-release-windows-x86_64 | 1.0.1 | 29.00 | 202.00 | 231.00 | NOTE | |
r-oldrel-macos-arm64 | 1.0.1 | 90.00 | OK | |||
r-oldrel-macos-x86_64 | 1.0.1 | 133.00 | OK | |||
r-oldrel-windows-x86_64 | 1.0.1 | 40.00 | 261.00 | 301.00 | OK |
Version: 1.0.1
Check: Rd cross-references
Result: NOTE
Found the following Rd file(s) with Rd \link{} targets missing package
anchors:
Lifetable.Rd: forecast, read.demogdata
Please provide package anchors for all Rd \link{} targets not in the
package itself and the base packages.
Flavors: r-devel-linux-x86_64-debian-clang, r-devel-linux-x86_64-debian-gcc, r-devel-windows-x86_64, r-patched-linux-x86_64, r-release-linux-x86_64, r-release-windows-x86_64