Last updated on 2025-07-21 17:50:24 CEST.
Flavor | Version | Tinstall | Tcheck | Ttotal | Status | Flags |
---|---|---|---|---|---|---|
r-devel-linux-x86_64-debian-clang | 3.0.0 | 46.42 | 147.52 | 193.94 | OK | |
r-devel-linux-x86_64-debian-gcc | 3.0.0 | 37.92 | 102.01 | 139.93 | OK | |
r-devel-linux-x86_64-fedora-clang | 3.0.0 | 311.72 | OK | |||
r-devel-linux-x86_64-fedora-gcc | 3.0.0 | 321.27 | OK | |||
r-devel-windows-x86_64 | 3.0.0 | 57.00 | 195.00 | 252.00 | OK | |
r-patched-linux-x86_64 | 3.0.0 | 48.76 | 136.00 | 184.76 | OK | |
r-release-linux-x86_64 | 3.0.0 | 46.94 | 140.06 | 187.00 | OK | |
r-release-macos-arm64 | 3.0.0 | 82.00 | OK | |||
r-release-macos-x86_64 | 3.0.0 | 168.00 | OK | |||
r-release-windows-x86_64 | 3.0.0 | 57.00 | 189.00 | 246.00 | OK | |
r-oldrel-macos-arm64 | 3.0.0 | 89.00 | NOTE | |||
r-oldrel-macos-x86_64 | 3.0.0 | 136.00 | OK | |||
r-oldrel-windows-x86_64 | 3.0.0 | 65.00 | 293.00 | 358.00 | OK |
Version: 3.0.0
Check: installed package size
Result: NOTE
installed size is 5.6Mb
sub-directories of 1Mb or more:
libs 3.1Mb
Flavor: r-oldrel-macos-arm64