Last updated on 2025-07-22 04:50:11 CEST.
Flavor | Version | Tinstall | Tcheck | Ttotal | Status | Flags |
---|---|---|---|---|---|---|
r-devel-linux-x86_64-debian-clang | 1.0.0 | 8.47 | 181.85 | 190.32 | NOTE | |
r-devel-linux-x86_64-debian-gcc | 1.0.0 | 5.83 | 126.47 | 132.30 | NOTE | |
r-devel-linux-x86_64-fedora-clang | 1.0.0 | 315.10 | OK | |||
r-devel-linux-x86_64-fedora-gcc | 1.0.0 | 308.29 | OK | |||
r-devel-windows-x86_64 | 1.0.0 | 13.00 | 202.00 | 215.00 | NOTE | |
r-patched-linux-x86_64 | 1.0.0 | 9.21 | 171.52 | 180.73 | NOTE | |
r-release-linux-x86_64 | 1.0.0 | 8.06 | 166.36 | 174.42 | NOTE | |
r-release-macos-arm64 | 1.0.0 | 89.00 | OK | |||
r-release-macos-x86_64 | 1.0.0 | 178.00 | OK | |||
r-release-windows-x86_64 | 1.0.0 | 12.00 | 194.00 | 206.00 | NOTE | |
r-oldrel-macos-arm64 | 1.0.0 | 83.00 | NOTE | |||
r-oldrel-macos-x86_64 | 1.0.0 | 142.00 | NOTE | |||
r-oldrel-windows-x86_64 | 1.0.0 | 16.00 | 259.00 | 275.00 | NOTE |
Version: 1.0.0
Check: Rd cross-references
Result: NOTE
Found the following Rd file(s) with Rd \link{} targets missing package
anchors:
forceLocus.Rd: forcePool
Please provide package anchors for all Rd \link{} targets not in the
package itself and the base packages.
Flavors: r-devel-linux-x86_64-debian-clang, r-devel-linux-x86_64-debian-gcc, r-devel-windows-x86_64, r-patched-linux-x86_64, r-release-linux-x86_64, r-release-windows-x86_64
Version: 1.0.0
Check: installed package size
Result: NOTE
installed size is 7.0Mb
sub-directories of 1Mb or more:
data 2.7Mb
extdata 3.5Mb
Flavors: r-oldrel-macos-arm64, r-oldrel-macos-x86_64, r-oldrel-windows-x86_64