Last updated on 2025-07-22 13:49:20 CEST.
Flavor | Version | Tinstall | Tcheck | Ttotal | Status | Flags |
---|---|---|---|---|---|---|
r-devel-linux-x86_64-debian-clang | 1.1.4 | 72.41 | 135.98 | 208.39 | OK | |
r-devel-linux-x86_64-debian-gcc | 1.1.4 | 55.43 | 96.43 | 151.86 | OK | |
r-devel-linux-x86_64-fedora-clang | 1.1.4 | 379.18 | OK | |||
r-devel-linux-x86_64-fedora-gcc | 1.1.4 | 357.25 | OK | |||
r-devel-windows-x86_64 | 1.1.4 | 87.00 | 227.00 | 314.00 | OK | |
r-patched-linux-x86_64 | 1.1.4 | 80.69 | 129.60 | 210.29 | OK | |
r-release-linux-x86_64 | 1.1.4 | 78.47 | 130.23 | 208.70 | OK | |
r-release-macos-arm64 | 1.1.4 | 99.00 | OK | |||
r-release-macos-x86_64 | 1.1.4 | 182.00 | OK | |||
r-release-windows-x86_64 | 1.1.4 | 86.00 | 230.00 | 316.00 | OK | |
r-oldrel-macos-arm64 | 1.1.4 | 102.00 | NOTE | |||
r-oldrel-macos-x86_64 | 1.1.4 | 216.00 | NOTE | |||
r-oldrel-windows-x86_64 | 1.1.4 | 102.00 | 268.00 | 370.00 | NOTE |
Version: 1.1.4
Check: installed package size
Result: NOTE
installed size is 10.4Mb
sub-directories of 1Mb or more:
R 2.3Mb
data 1.3Mb
libs 6.6Mb
Flavors: r-oldrel-macos-arm64, r-oldrel-macos-x86_64, r-oldrel-windows-x86_64