Last updated on 2025-07-22 13:49:20 CEST.
Flavor | Version | Tinstall | Tcheck | Ttotal | Status | Flags |
---|---|---|---|---|---|---|
r-devel-linux-x86_64-debian-clang | 0.6.0 | 19.08 | 317.81 | 336.89 | NOTE | |
r-devel-linux-x86_64-debian-gcc | 0.6.0 | 16.86 | 198.79 | 215.65 | NOTE | |
r-devel-linux-x86_64-fedora-clang | 0.6.0 | 542.93 | OK | |||
r-devel-linux-x86_64-fedora-gcc | 0.6.0 | 511.78 | OK | |||
r-devel-windows-x86_64 | 0.6.0 | 18.00 | 344.00 | 362.00 | OK | |
r-patched-linux-x86_64 | 0.6.0 | 24.48 | 299.55 | 324.03 | OK | |
r-release-linux-x86_64 | 0.6.0 | 22.44 | 306.31 | 328.75 | OK | |
r-release-macos-arm64 | 0.6.0 | 146.00 | OK | |||
r-release-macos-x86_64 | 0.6.0 | 345.00 | OK | |||
r-release-windows-x86_64 | 0.6.0 | 17.00 | 347.00 | 364.00 | OK | |
r-oldrel-macos-arm64 | 0.6.0 | 139.00 | OK | |||
r-oldrel-macos-x86_64 | 0.6.0 | 337.00 | OK | |||
r-oldrel-windows-x86_64 | 0.6.0 | 21.00 | 455.00 | 476.00 | OK |
Version: 0.6.0
Check: CRAN incoming feasibility
Result: NOTE
Maintainer: ‘Leonardo Egidi <legidi@units.it>’
No Authors@R field in DESCRIPTION.
Please add one, modifying
Authors@R: c(person(given = "Leonardo",
family = "Egidi",
role = c("aut", "cre"),
email = "legidi@units.it"),
person(given = "Roberta",
family = "Pappadà",
role = "aut"),
person(given = "Francesco",
family = "Pauli",
role = "aut"),
person(given = "Nicola",
family = "Torelli",
role = "aut"))
as necessary.
Flavors: r-devel-linux-x86_64-debian-clang, r-devel-linux-x86_64-debian-gcc