CRAN Package Check Results for Package particles

Last updated on 2025-07-22 17:50:40 CEST.

Flavor Version Tinstall Tcheck Ttotal Status Flags
r-devel-linux-x86_64-debian-clang 0.2.4 20.26 112.01 132.27 NOTE
r-devel-linux-x86_64-debian-gcc 0.2.4 15.23 77.77 93.00 NOTE
r-devel-linux-x86_64-fedora-clang 0.2.4 205.66 NOTE
r-devel-linux-x86_64-fedora-gcc 0.2.4 205.91 NOTE
r-devel-windows-x86_64 0.2.4 27.00 112.00 139.00 NOTE
r-patched-linux-x86_64 0.2.4 21.42 104.35 125.77 NOTE
r-release-linux-x86_64 0.2.4 17.15 103.73 120.88 NOTE
r-release-macos-arm64 0.2.4 60.00 NOTE
r-release-macos-x86_64 0.2.4 117.00 OK
r-release-windows-x86_64 0.2.4 26.00 114.00 140.00 NOTE
r-oldrel-macos-arm64 0.2.4 70.00 OK
r-oldrel-macos-x86_64 0.2.4 109.00 OK
r-oldrel-windows-x86_64 0.2.4 34.00 151.00 185.00 OK

Additional issues

rchk

Check Details

Version: 0.2.4
Check: DESCRIPTION meta-information
Result: NOTE Missing dependency on R >= 4.1.0 because package code uses the pipe |> or function shorthand \(...) syntax added in R 4.1.0. File(s) using such syntax: ‘evolve.Rd’ ‘genesis.Rd’ ‘simulate.Rd’ ‘wield.Rd’ Flavors: r-devel-linux-x86_64-debian-clang, r-devel-linux-x86_64-debian-gcc, r-devel-linux-x86_64-fedora-clang, r-devel-linux-x86_64-fedora-gcc, r-devel-windows-x86_64, r-patched-linux-x86_64, r-release-linux-x86_64, r-release-macos-arm64, r-release-windows-x86_64