CRAN Package Check Results for Package mlbplotR

Last updated on 2025-07-21 23:50:44 CEST.

Flavor Version Tinstall Tcheck Ttotal Status Flags
r-devel-linux-x86_64-debian-clang 1.1.0 7.99 53.45 61.44 NOTE
r-devel-linux-x86_64-debian-gcc 1.1.0 6.18 39.30 45.48 NOTE
r-devel-linux-x86_64-fedora-clang 1.1.0 98.90 NOTE
r-devel-linux-x86_64-fedora-gcc 1.1.0 93.46 NOTE
r-devel-windows-x86_64 1.1.0 10.00 68.00 78.00 NOTE
r-patched-linux-x86_64 1.1.0 7.66 48.50 56.16 NOTE
r-release-linux-x86_64 1.1.0 7.71 48.49 56.20 NOTE
r-release-macos-arm64 1.1.0 30.00 NOTE
r-release-macos-x86_64 1.1.0 53.00 NOTE
r-release-windows-x86_64 1.1.0 9.00 131.00 140.00 ERROR
r-oldrel-macos-arm64 1.1.0 33.00 NOTE
r-oldrel-macos-x86_64 1.1.0 60.00 NOTE
r-oldrel-windows-x86_64 1.1.0 13.00 88.00 101.00 NOTE

Check Details

Version: 1.1.0
Check: DESCRIPTION meta-information
Result: NOTE Missing dependency on R >= 4.1.0 because package code uses the pipe |> or function shorthand \(...) syntax added in R 4.1.0. File(s) using such syntax: ‘mlb_player_tiers.Rd’ Flavors: r-devel-linux-x86_64-debian-clang, r-devel-linux-x86_64-debian-gcc, r-devel-linux-x86_64-fedora-clang, r-devel-linux-x86_64-fedora-gcc, r-devel-windows-x86_64, r-patched-linux-x86_64, r-release-linux-x86_64, r-release-macos-arm64, r-release-windows-x86_64

Version: 1.1.0
Check: Rd files
Result: NOTE checkRd: (-1) geom_cap_logos.Rd:103: Lost braces in \itemize; meant \describe ? checkRd: (-1) geom_cap_logos.Rd:104: Lost braces in \itemize; meant \describe ? checkRd: (-1) geom_cap_logos.Rd:105: Lost braces in \itemize; meant \describe ? checkRd: (-1) geom_cap_logos.Rd:106: Lost braces in \itemize; meant \describe ? checkRd: (-1) geom_cap_logos.Rd:107: Lost braces in \itemize; meant \describe ? checkRd: (-1) geom_cap_logos.Rd:108: Lost braces in \itemize; meant \describe ? checkRd: (-1) geom_cap_logos.Rd:109: Lost braces in \itemize; meant \describe ? checkRd: (-1) geom_cap_logos.Rd:110: Lost braces in \itemize; meant \describe ? checkRd: (-1) geom_cap_logos.Rd:111-115: Lost braces in \itemize; meant \describe ? checkRd: (-1) geom_cap_logos.Rd:116-120: Lost braces in \itemize; meant \describe ? checkRd: (-1) geom_from_path.Rd:85: Lost braces in \itemize; meant \describe ? checkRd: (-1) geom_from_path.Rd:86: Lost braces in \itemize; meant \describe ? checkRd: (-1) geom_from_path.Rd:87: Lost braces in \itemize; meant \describe ? checkRd: (-1) geom_from_path.Rd:88: Lost braces in \itemize; meant \describe ? checkRd: (-1) geom_from_path.Rd:89: Lost braces in \itemize; meant \describe ? checkRd: (-1) geom_from_path.Rd:90: Lost braces in \itemize; meant \describe ? checkRd: (-1) geom_from_path.Rd:91: Lost braces in \itemize; meant \describe ? checkRd: (-1) geom_from_path.Rd:92: Lost braces in \itemize; meant \describe ? checkRd: (-1) geom_from_path.Rd:93-96: Lost braces in \itemize; meant \describe ? checkRd: (-1) geom_from_path.Rd:97-100: Lost braces in \itemize; meant \describe ? checkRd: (-1) geom_lines.Rd:77: Lost braces in \itemize; meant \describe ? checkRd: (-1) geom_lines.Rd:78: Lost braces in \itemize; meant \describe ? checkRd: (-1) geom_lines.Rd:79: Lost braces in \itemize; meant \describe ? checkRd: (-1) geom_lines.Rd:80: Lost braces in \itemize; meant \describe ? checkRd: (-1) geom_lines.Rd:81: Lost braces in \itemize; meant \describe ? checkRd: (-1) geom_lines.Rd:82: Lost braces in \itemize; meant \describe ? checkRd: (-1) geom_mlb_headshots.Rd:86: Lost braces in \itemize; meant \describe ? checkRd: (-1) geom_mlb_headshots.Rd:87: Lost braces in \itemize; meant \describe ? checkRd: (-1) geom_mlb_headshots.Rd:88: Lost braces in \itemize; meant \describe ? checkRd: (-1) geom_mlb_headshots.Rd:89-90: Lost braces in \itemize; meant \describe ? checkRd: (-1) geom_mlb_headshots.Rd:91: Lost braces in \itemize; meant \describe ? checkRd: (-1) geom_mlb_headshots.Rd:92: Lost braces in \itemize; meant \describe ? checkRd: (-1) geom_mlb_headshots.Rd:93: Lost braces in \itemize; meant \describe ? checkRd: (-1) geom_mlb_headshots.Rd:94: Lost braces in \itemize; meant \describe ? checkRd: (-1) geom_mlb_headshots.Rd:95: Lost braces in \itemize; meant \describe ? checkRd: (-1) geom_mlb_headshots.Rd:96-99: Lost braces in \itemize; meant \describe ? checkRd: (-1) geom_mlb_headshots.Rd:100-103: Lost braces in \itemize; meant \describe ? checkRd: (-1) geom_mlb_logos.Rd:115: Lost braces in \itemize; meant \describe ? checkRd: (-1) geom_mlb_logos.Rd:116: Lost braces in \itemize; meant \describe ? checkRd: (-1) geom_mlb_logos.Rd:117: Lost braces in \itemize; meant \describe ? checkRd: (-1) geom_mlb_logos.Rd:118: Lost braces in \itemize; meant \describe ? checkRd: (-1) geom_mlb_logos.Rd:119: Lost braces in \itemize; meant \describe ? checkRd: (-1) geom_mlb_logos.Rd:120: Lost braces in \itemize; meant \describe ? checkRd: (-1) geom_mlb_logos.Rd:121: Lost braces in \itemize; meant \describe ? checkRd: (-1) geom_mlb_logos.Rd:122: Lost braces in \itemize; meant \describe ? checkRd: (-1) geom_mlb_logos.Rd:123-126: Lost braces in \itemize; meant \describe ? checkRd: (-1) geom_mlb_logos.Rd:127-130: Lost braces in \itemize; meant \describe ? Flavors: r-devel-linux-x86_64-debian-clang, r-devel-linux-x86_64-debian-gcc, r-devel-linux-x86_64-fedora-clang, r-devel-linux-x86_64-fedora-gcc, r-devel-windows-x86_64, r-patched-linux-x86_64, r-release-linux-x86_64, r-release-macos-arm64, r-release-macos-x86_64, r-release-windows-x86_64, r-oldrel-macos-arm64, r-oldrel-macos-x86_64, r-oldrel-windows-x86_64

Version: 1.1.0
Check: Rd cross-references
Result: NOTE Found the following Rd file(s) with Rd \link{} targets missing package anchors: geom_lines.Rd: geom_hline, geom_vline scale_axes_mlb.Rd: theme Please provide package anchors for all Rd \link{} targets not in the package itself and the base packages. Flavors: r-devel-linux-x86_64-debian-clang, r-devel-linux-x86_64-debian-gcc, r-devel-windows-x86_64, r-patched-linux-x86_64, r-release-linux-x86_64, r-release-windows-x86_64

Version: 1.1.0
Check: examples
Result: ERROR Running examples in 'mlbplotR-Ex.R' failed The error most likely occurred in: > ### Name: gt_fmt_mlb_headshot > ### Title: Render Player Headshots in 'gt' Tables > ### Aliases: gt_fmt_mlb_headshot > > ### ** Examples > > library(gt) > library(mlbplotR) > gt_headshot_example <- mlbplotR::load_headshots() %>% + head(5) %>% + dplyr::select(player_name, savant_id) %>% + gt::gt() %>% + gt_fmt_mlb_headshot(columns = "savant_id") Warning in readRDS(con) : URL 'https://github.com/camdenk/mlbplotR-data/raw/main/Player-IDs.rds': Timeout of 60 seconds was reached Warning: Failed to readRDS from <https://github.com/camdenk/mlbplotR-data/raw/main/Player-IDs.rds> Error in `dplyr::select()`: ! Can't select columns that don't exist. ✖ Column `player_name` doesn't exist. Backtrace: ▆ 1. ├─... %>% gt_fmt_mlb_headshot(columns = "savant_id") 2. ├─mlbplotR::gt_fmt_mlb_headshot(., columns = "savant_id") 3. │ ├─base::stopifnot(...) 4. │ └─"gt_tbl" %in% class(gt_object) 5. ├─gt::gt(.) 6. │ └─dplyr::group_vars(data) 7. ├─dplyr::select(., player_name, savant_id) 8. ├─dplyr:::select.data.frame(., player_name, savant_id) 9. │ └─tidyselect::eval_select(expr(c(...)), data = .data, error_call = error_call) 10. │ └─tidyselect:::eval_select_impl(...) 11. │ ├─tidyselect:::with_subscript_errors(...) 12. │ │ └─base::withCallingHandlers(...) 13. │ └─tidyselect:::vars_select_eval(...) 14. │ └─tidyselect:::walk_data_tree(expr, data_mask, context_mask) 15. │ └─tidyselect:::eval_c(expr, data_mask, context_mask) 16. │ └─tidyselect:::reduce_sels(node, data_mask, context_mask, init = init) 17. │ └─tidyselect:::walk_data_tree(new, data_mask, context_mask) 18. │ └─tidyselect:::as_indices_sel_impl(...) 19. │ └─tidyselect:::as_indices_impl(...) 20. │ └─tidyselect:::chr_as_locations(x, vars, call = call, arg = arg) 21. │ └─vctrs::vec_as_location(...) 22. └─vctrs (local) `<fn>`() 23. └─vctrs:::stop_subscript_oob(...) 24. └─vctrs:::stop_subscript(...) 25. └─rlang::abort(...) Execution halted Flavor: r-release-windows-x86_64

Version: 1.1.0
Check: installed package size
Result: NOTE installed size is 5.2Mb sub-directories of 1Mb or more: R 2.8Mb help 2.4Mb Flavor: r-oldrel-macos-x86_64