CRAN Package Check Results for Package merTools

Last updated on 2025-07-22 09:50:37 CEST.

Flavor Version Tinstall Tcheck Ttotal Status Flags
r-devel-linux-x86_64-debian-clang 0.6.2 16.38 213.26 229.64 NOTE
r-devel-linux-x86_64-debian-gcc 0.6.2 9.47 148.47 157.94 NOTE
r-devel-linux-x86_64-fedora-clang 0.6.2 361.70 OK
r-devel-linux-x86_64-fedora-gcc 0.6.2 352.92 OK
r-devel-windows-x86_64 0.6.2 16.00 169.00 185.00 NOTE --no-vignettes
r-patched-linux-x86_64 0.6.2 14.47 199.57 214.04 NOTE
r-release-linux-x86_64 0.6.2 13.36 204.18 217.54 NOTE
r-release-macos-arm64 0.6.2 86.00 OK
r-release-macos-x86_64 0.6.2 165.00 OK
r-release-windows-x86_64 0.6.2 17.00 195.00 212.00 NOTE --no-vignettes
r-oldrel-macos-arm64 0.6.2 89.00 OK
r-oldrel-macos-x86_64 0.6.2 127.00 OK
r-oldrel-windows-x86_64 0.6.2 22.00 229.00 251.00 OK --no-vignettes

Check Details

Version: 0.6.2
Check: CRAN incoming feasibility
Result: NOTE Maintainer: ‘Jared E. Knowles <jared@civilytics.com>’ The BugReports field in DESCRIPTION has https://github.com/jknowles/merTools which should likely be https://github.com/jknowles/merTools/issues instead. Flavors: r-devel-linux-x86_64-debian-clang, r-devel-linux-x86_64-debian-gcc

Version: 0.6.2
Check: Rd cross-references
Result: NOTE Found the following Rd file(s) with Rd \link{} targets missing package anchors: VarCorr.merModList.Rd: merMod-class modelFixedEff.Rd: tidy plotFEsim.Rd: merMod plotREsim.Rd: merMod ranef.merModList.Rd: merMod-class thetaExtract.Rd: merMod Please provide package anchors for all Rd \link{} targets not in the package itself and the base packages. Flavors: r-devel-linux-x86_64-debian-clang, r-devel-linux-x86_64-debian-gcc, r-patched-linux-x86_64, r-release-linux-x86_64

Version: 0.6.2
Flags: --no-vignettes
Check: Rd cross-references
Result: NOTE Found the following Rd file(s) with Rd \link{} targets missing package anchors: VarCorr.merModList.Rd: merMod-class modelFixedEff.Rd: tidy plotFEsim.Rd: merMod plotREsim.Rd: merMod ranef.merModList.Rd: merMod-class thetaExtract.Rd: merMod Please provide package anchors for all Rd \link{} targets not in the package itself and the base packages. Flavors: r-devel-windows-x86_64, r-release-windows-x86_64