Last updated on 2025-07-21 09:49:56 CEST.
Flavor | Version | Tinstall | Tcheck | Ttotal | Status | Flags |
---|---|---|---|---|---|---|
r-devel-linux-x86_64-debian-clang | 2.0.0 | 7.87 | 48.31 | 56.18 | OK | |
r-devel-linux-x86_64-debian-gcc | 2.0.0 | 6.57 | 37.06 | 43.63 | OK | |
r-devel-linux-x86_64-fedora-clang | 2.0.0 | 85.58 | OK | |||
r-devel-linux-x86_64-fedora-gcc | 2.0.0 | 104.43 | OK | |||
r-devel-windows-x86_64 | 2.0.0 | 23.00 | 73.00 | 96.00 | OK | |
r-patched-linux-x86_64 | 2.0.0 | 7.28 | 46.00 | 53.28 | OK | |
r-release-linux-x86_64 | 2.0.0 | 6.73 | 46.00 | 52.73 | OK | |
r-release-macos-arm64 | 2.0.0 | 41.00 | ERROR | |||
r-release-macos-x86_64 | 2.0.0 | 72.00 | OK | |||
r-release-windows-x86_64 | 2.0.0 | 23.00 | 73.00 | 96.00 | OK | |
r-oldrel-macos-arm64 | 2.0.0 | 82.00 | OK | |||
r-oldrel-macos-x86_64 | 2.0.0 | 139.00 | OK | |||
r-oldrel-windows-x86_64 | 2.0.0 | 23.00 | 88.00 | 111.00 | OK |
Version: 2.0.0
Check: re-building of vignette outputs
Result: ERROR
Error(s) in re-building vignettes:
--- re-building ‘json-aaquickstart.Rmd’ using rmarkdown
[WARNING] This document format requires a nonempty <title> element.
Defaulting to 'json-aaquickstart.knit' as the title.
To specify a title, use 'title' in metadata or --metadata title="...".
--- finished re-building ‘json-aaquickstart.Rmd’
--- re-building ‘json-apis.Rmd’ using rmarkdown
--- finished re-building ‘json-apis.Rmd’
--- re-building ‘json-paging.Rmd’ using rmarkdown
--- finished re-building ‘json-paging.Rmd’
--- re-building ‘json-mapping.pdf.asis’ using asis
--- finished re-building ‘json-mapping.pdf.asis’
Error in loadVignetteBuilder(pkgdir) : vignette builder 'R.rsp' not found
Calls: <Anonymous> -> loadVignetteBuilder
Execution halted
SUMMARY: processing the following file failed:
‘json-opencpu.pdf.asis’
Error: Vignette re-building failed.
Execution halted
Flavor: r-release-macos-arm64