Last updated on 2025-07-22 17:50:36 CEST.
Flavor | Version | Tinstall | Tcheck | Ttotal | Status | Flags |
---|---|---|---|---|---|---|
r-devel-linux-x86_64-debian-clang | 0.1.1 | 42.11 | 22.59 | 64.70 | OK | |
r-devel-linux-x86_64-debian-gcc | 0.1.1 | 40.18 | 18.79 | 58.97 | OK | |
r-devel-linux-x86_64-fedora-clang | 0.1.1 | 117.53 | OK | |||
r-devel-linux-x86_64-fedora-gcc | 0.1.1 | 130.52 | OK | |||
r-devel-windows-x86_64 | 0.1.1 | 60.00 | 64.00 | 124.00 | OK | |
r-patched-linux-x86_64 | 0.1.1 | 54.89 | 21.62 | 76.51 | OK | |
r-release-linux-x86_64 | 0.1.1 | 53.48 | 21.59 | 75.07 | OK | |
r-release-macos-arm64 | 0.1.1 | 41.00 | OK | |||
r-release-macos-x86_64 | 0.1.1 | 58.00 | OK | |||
r-release-windows-x86_64 | 0.1.1 | 60.00 | 64.00 | 124.00 | OK | |
r-oldrel-macos-arm64 | 0.1.1 | 29.00 | NOTE | |||
r-oldrel-macos-x86_64 | 0.1.1 | 50.00 | NOTE | |||
r-oldrel-windows-x86_64 | 0.1.1 | 72.00 | 76.00 | 148.00 | OK |
Version: 0.1.1
Check: installed package size
Result: NOTE
installed size is 5.1Mb
sub-directories of 1Mb or more:
libs 5.0Mb
Flavors: r-oldrel-macos-arm64, r-oldrel-macos-x86_64