Last updated on 2025-07-23 14:49:55 CEST.
Flavor | Version | Tinstall | Tcheck | Ttotal | Status | Flags |
---|---|---|---|---|---|---|
r-devel-linux-x86_64-debian-clang | 2.3 | 3.88 | 37.43 | 41.31 | NOTE | |
r-devel-linux-x86_64-debian-gcc | 2.3 | 4.09 | 36.97 | 41.06 | NOTE | |
r-devel-linux-x86_64-fedora-clang | 2.4 | 76.46 | OK | |||
r-devel-linux-x86_64-fedora-gcc | 2.4 | 66.10 | OK | |||
r-devel-windows-x86_64 | 2.3 | 4.00 | 51.00 | 55.00 | NOTE | |
r-patched-linux-x86_64 | 2.3 | 3.54 | 29.92 | 33.46 | NOTE | |
r-release-linux-x86_64 | 2.3 | 3.11 | 29.75 | 32.86 | NOTE | |
r-release-macos-arm64 | 2.3 | 29.00 | OK | |||
r-release-macos-x86_64 | 2.4 | 51.00 | OK | |||
r-release-windows-x86_64 | 2.3 | 5.00 | 54.00 | 59.00 | NOTE | |
r-oldrel-macos-arm64 | 2.3 | 25.00 | OK | |||
r-oldrel-macos-x86_64 | 2.4 | 57.00 | OK | |||
r-oldrel-windows-x86_64 | 2.3 | 5.00 | 55.00 | 60.00 | OK |
Version: 2.3
Check: CRAN incoming feasibility
Result: NOTE
Maintainer: ‘Massimiliano Pastore <massimiliano.pastore@unipd.it>’
No Authors@R field in DESCRIPTION.
Please add one, modifying
Authors@R: c(person(given = c("Massimiliano", "Pastore", "&", "Gianmarco"),
family = "Altoe'",
role = "aut"),
person(given = "Massimiliano",
family = "Pastore",
role = "cre",
email = "massimiliano.pastore@unipd.it"))
as necessary.
Flavors: r-devel-linux-x86_64-debian-clang, r-devel-linux-x86_64-debian-gcc
Version: 2.3
Check: Rd cross-references
Result: NOTE
Found the following Rd file(s) with Rd \link{} targets missing package
anchors:
Deltachi.Rd: lavaan, sem
Likedist.Rd: lavaan, sem
fitinfluence.Rd: lavaan, sem
genCookDist.Rd: lavaan, sem
parinfluence.Rd: lavaan, sem
Please provide package anchors for all Rd \link{} targets not in the
package itself and the base packages.
Flavors: r-devel-linux-x86_64-debian-clang, r-devel-linux-x86_64-debian-gcc, r-devel-windows-x86_64, r-patched-linux-x86_64, r-release-linux-x86_64, r-release-windows-x86_64