CRAN Package Check Results for Package hySpc.testthat

Last updated on 2025-07-24 17:49:23 CEST.

Flavor Version Tinstall Tcheck Ttotal Status Flags
r-devel-linux-x86_64-debian-clang 0.2.1 2.55 28.16 30.71 OK
r-devel-linux-x86_64-debian-gcc 0.2.1 1.79 22.23 24.02 OK
r-devel-linux-x86_64-fedora-clang 0.2.1 44.59 OK
r-devel-linux-x86_64-fedora-gcc 0.2.1 44.30 OK
r-devel-windows-x86_64 0.2.1 4.00 55.00 59.00 OK
r-patched-linux-x86_64 0.2.1 2.40 26.15 28.55 OK
r-release-linux-x86_64 0.2.1 2.33 26.67 29.00 OK
r-release-macos-arm64 0.2.1 26.00 OK
r-release-macos-x86_64 0.2.1 38.00 OK
r-release-windows-x86_64 0.2.1 5.00 55.00 60.00 OK
r-oldrel-macos-arm64 0.2.1 23.00 NOTE
r-oldrel-macos-x86_64 0.2.1 33.00 NOTE
r-oldrel-windows-x86_64 0.2.1 5.00 59.00 64.00 NOTE

Check Details

Version: 0.2.1
Check: LazyData
Result: NOTE 'LazyData' is specified without a 'data' directory Flavors: r-oldrel-macos-arm64, r-oldrel-macos-x86_64, r-oldrel-windows-x86_64