CRAN Package Check Results for Package hurdlr

Last updated on 2025-07-21 17:50:17 CEST.

Flavor Version Tinstall Tcheck Ttotal Status Flags
r-devel-linux-x86_64-debian-clang 0.1 2.66 24.12 26.78 OK
r-devel-linux-x86_64-debian-gcc 0.1 1.88 18.60 20.48 OK
r-devel-linux-x86_64-fedora-clang 0.1 39.21 OK
r-devel-linux-x86_64-fedora-gcc 0.1 39.79 OK
r-devel-windows-x86_64 0.1 4.00 42.00 46.00 OK
r-patched-linux-x86_64 0.1 3.38 23.02 26.40 OK
r-release-linux-x86_64 0.1 2.30 23.36 25.66 OK
r-release-macos-arm64 0.1 16.00 OK
r-release-macos-x86_64 0.1 25.00 OK
r-release-windows-x86_64 0.1 3.00 45.00 48.00 OK
r-oldrel-macos-arm64 0.1 15.00 NOTE
r-oldrel-macos-x86_64 0.1 26.00 NOTE
r-oldrel-windows-x86_64 0.1 4.00 42.00 46.00 NOTE

Check Details

Version: 0.1
Check: LazyData
Result: NOTE 'LazyData' is specified without a 'data' directory Flavors: r-oldrel-macos-arm64, r-oldrel-macos-x86_64, r-oldrel-windows-x86_64