Last updated on 2025-07-22 09:50:35 CEST.
Flavor | Version | Tinstall | Tcheck | Ttotal | Status | Flags |
---|---|---|---|---|---|---|
r-devel-linux-x86_64-debian-clang | 0.3.1 | 79.35 | 86.51 | 165.86 | OK | |
r-devel-linux-x86_64-debian-gcc | 0.3.1 | 61.56 | 56.42 | 117.98 | OK | |
r-devel-linux-x86_64-fedora-clang | 0.3.1 | 276.61 | OK | |||
r-devel-linux-x86_64-fedora-gcc | 0.3.1 | 271.56 | OK | |||
r-devel-windows-x86_64 | 0.3.1 | 90.00 | 113.00 | 203.00 | OK | |
r-patched-linux-x86_64 | 0.3.1 | 81.53 | 77.33 | 158.86 | OK | |
r-release-linux-x86_64 | 0.3.1 | 83.01 | 76.47 | 159.48 | OK | |
r-release-macos-arm64 | 0.3.1 | 65.00 | OK | |||
r-release-macos-x86_64 | 0.3.1 | 103.00 | OK | |||
r-release-windows-x86_64 | 0.3.1 | 87.00 | 110.00 | 197.00 | OK | |
r-oldrel-macos-arm64 | 0.3.1 | 72.00 | NOTE | |||
r-oldrel-macos-x86_64 | 0.3.1 | 109.00 | NOTE | |||
r-oldrel-windows-x86_64 | 0.3.1 | 104.00 | 149.00 | 253.00 | OK |
Version: 0.3.1
Check: installed package size
Result: NOTE
installed size is 7.3Mb
sub-directories of 1Mb or more:
libs 6.4Mb
Flavors: r-oldrel-macos-arm64, r-oldrel-macos-x86_64