Last updated on 2025-07-22 09:50:34 CEST.
Flavor | Version | Tinstall | Tcheck | Ttotal | Status | Flags |
---|---|---|---|---|---|---|
r-devel-linux-x86_64-debian-clang | 0.6 | 6.02 | 95.46 | 101.48 | NOTE | |
r-devel-linux-x86_64-debian-gcc | 0.6 | 4.55 | 64.09 | 68.64 | NOTE | |
r-devel-linux-x86_64-fedora-clang | 0.6 | 162.13 | NOTE | |||
r-devel-linux-x86_64-fedora-gcc | 0.6 | 168.95 | NOTE | |||
r-devel-windows-x86_64 | 0.6 | 9.00 | 109.00 | 118.00 | OK | |
r-patched-linux-x86_64 | 0.6 | 5.60 | 88.91 | 94.51 | OK | |
r-release-linux-x86_64 | 0.6 | 5.52 | 89.38 | 94.90 | OK | |
r-release-macos-arm64 | 0.6 | 60.00 | OK | |||
r-release-macos-x86_64 | 0.6 | 89.00 | OK | |||
r-release-windows-x86_64 | 0.6 | 9.00 | 109.00 | 118.00 | OK | |
r-oldrel-macos-arm64 | 0.6 | 50.00 | OK | |||
r-oldrel-macos-x86_64 | 0.6 | 96.00 | OK | |||
r-oldrel-windows-x86_64 | 0.6 | 12.00 | 141.00 | 153.00 | OK |
Version: 0.6
Check: CRAN incoming feasibility
Result: NOTE
Maintainer: ‘Mark Heckmann <heckmann.mark@gmail.com>’
Package CITATION file contains call(s) to old-style citEntry(). Please
use bibentry() instead.
Flavors: r-devel-linux-x86_64-debian-clang, r-devel-linux-x86_64-debian-gcc
Version: 0.6
Check: dependencies in R code
Result: NOTE
Namespace in Imports field not imported from: ‘BiasedUrn’
All declared Imports should be used.
Flavors: r-devel-linux-x86_64-fedora-clang, r-devel-linux-x86_64-fedora-gcc