Last updated on 2025-07-22 04:50:04 CEST.
Flavor | Version | Tinstall | Tcheck | Ttotal | Status | Flags |
---|---|---|---|---|---|---|
r-devel-linux-x86_64-debian-clang | 2.0.5 | 51.67 | 148.45 | 200.12 | OK | |
r-devel-linux-x86_64-debian-gcc | 2.0.5 | 31.57 | 104.87 | 136.44 | OK | |
r-devel-linux-x86_64-fedora-clang | 2.0.5 | 307.46 | OK | |||
r-devel-linux-x86_64-fedora-gcc | 2.0.5 | 303.64 | OK | |||
r-devel-windows-x86_64 | 2.0.5 | 50.00 | 159.00 | 209.00 | OK | |
r-patched-linux-x86_64 | 2.0.5 | 46.12 | 140.45 | 186.57 | OK | |
r-release-linux-x86_64 | 2.0.5 | 46.69 | 141.65 | 188.34 | OK | |
r-release-macos-arm64 | 2.0.5 | 76.00 | OK | |||
r-release-macos-x86_64 | 2.0.5 | 160.00 | OK | |||
r-release-windows-x86_64 | 2.0.5 | 49.00 | 170.00 | 219.00 | OK | |
r-oldrel-macos-arm64 | 2.0.5 | 86.00 | NOTE | |||
r-oldrel-macos-x86_64 | 2.0.5 | 203.00 | NOTE | |||
r-oldrel-windows-x86_64 | 2.0.5 | 68.00 | 210.00 | 278.00 | NOTE |
Version: 2.0.5
Check: installed package size
Result: NOTE
installed size is 5.9Mb
sub-directories of 1Mb or more:
R 2.0Mb
doc 2.8Mb
Flavors: r-oldrel-macos-arm64, r-oldrel-macos-x86_64, r-oldrel-windows-x86_64
Version: 2.0.5
Check: package dependencies
Result: NOTE
Package suggested but not available for checking: 'doMC'
Flavor: r-oldrel-windows-x86_64