Last updated on 2025-07-22 04:50:04 CEST.
Flavor | Version | Tinstall | Tcheck | Ttotal | Status | Flags |
---|---|---|---|---|---|---|
r-devel-linux-x86_64-debian-clang | 1.2.2 | 56.48 | 44.68 | 101.16 | OK | |
r-devel-linux-x86_64-debian-gcc | 1.2.2 | 39.17 | 33.40 | 72.57 | OK | |
r-devel-linux-x86_64-fedora-clang | 1.2.2 | 177.70 | OK | |||
r-devel-linux-x86_64-fedora-gcc | 1.2.2 | 171.12 | OK | |||
r-devel-windows-x86_64 | 1.2.2 | 66.00 | 86.00 | 152.00 | OK | |
r-patched-linux-x86_64 | 1.2.2 | 58.32 | 40.66 | 98.98 | OK | |
r-release-linux-x86_64 | 1.2.2 | 57.64 | 41.35 | 98.99 | OK | |
r-release-macos-arm64 | 1.2.2 | 43.00 | OK | |||
r-release-macos-x86_64 | 1.2.2 | 87.00 | OK | |||
r-release-windows-x86_64 | 1.2.2 | 63.00 | 82.00 | 145.00 | OK | |
r-oldrel-macos-arm64 | 1.2.2 | 50.00 | NOTE | |||
r-oldrel-macos-x86_64 | 1.2.2 | 77.00 | NOTE | |||
r-oldrel-windows-x86_64 | 1.2.2 | 75.00 | 101.00 | 176.00 | OK |
Version: 1.2.2
Check: installed package size
Result: NOTE
installed size is 6.3Mb
sub-directories of 1Mb or more:
help 2.2Mb
libs 3.9Mb
Flavors: r-oldrel-macos-arm64, r-oldrel-macos-x86_64