CRAN Package Check Results for Package graDiEnt

Last updated on 2025-07-22 13:49:14 CEST.

Flavor Version Tinstall Tcheck Ttotal Status Flags
r-devel-linux-x86_64-debian-clang 1.0.1 1.49 20.34 21.83 NOTE
r-devel-linux-x86_64-debian-gcc 1.0.1 1.48 17.20 18.68 NOTE
r-devel-linux-x86_64-fedora-clang 1.0.1 32.55 OK
r-devel-linux-x86_64-fedora-gcc 1.0.1 29.97 OK
r-devel-windows-x86_64 1.0.1 3.00 40.00 43.00 OK
r-patched-linux-x86_64 1.0.1 2.15 18.27 20.42 OK
r-release-linux-x86_64 1.0.1 2.19 18.44 20.63 OK
r-release-macos-arm64 1.0.1 18.00 OK
r-release-macos-x86_64 1.0.1 25.00 OK
r-release-windows-x86_64 1.0.1 3.00 40.00 43.00 OK
r-oldrel-macos-arm64 1.0.1 15.00 OK
r-oldrel-macos-x86_64 1.0.1 21.00 OK
r-oldrel-windows-x86_64 1.0.1 4.00 44.00 48.00 OK

Check Details

Version: 1.0.1
Check: CRAN incoming feasibility
Result: NOTE Maintainer: ‘Brendan Matthew Galdo <Brendan.m.galdo@gmail.com>’ The BugReports field in DESCRIPTION has https://github.com/bmgaldo/graDiEnt which should likely be https://github.com/bmgaldo/graDiEnt/issues instead. Flavors: r-devel-linux-x86_64-debian-clang, r-devel-linux-x86_64-debian-gcc