Last updated on 2025-07-25 13:50:21 CEST.
Flavor | Version | Tinstall | Tcheck | Ttotal | Status | Flags |
---|---|---|---|---|---|---|
r-devel-linux-x86_64-debian-clang | 1.0.0 | 8.29 | 59.29 | 67.58 | OK | |
r-devel-linux-x86_64-debian-gcc | 1.0.0 | 4.70 | 42.80 | 47.50 | OK | |
r-devel-linux-x86_64-fedora-clang | 1.0.0 | 97.46 | OK | |||
r-devel-linux-x86_64-fedora-gcc | 1.0.0 | 89.62 | OK | |||
r-devel-windows-x86_64 | 1.0.0 | 8.00 | 78.00 | 86.00 | OK | |
r-patched-linux-x86_64 | 1.0.0 | 7.58 | 52.77 | 60.35 | OK | |
r-release-linux-x86_64 | 1.0.0 | 7.11 | 52.18 | 59.29 | OK | |
r-release-macos-arm64 | 1.0.0 | 29.00 | OK | |||
r-release-macos-x86_64 | 1.0.0 | 51.00 | OK | |||
r-release-windows-x86_64 | 1.0.0 | 9.00 | 68.00 | 77.00 | OK | |
r-oldrel-macos-arm64 | 1.0.0 | 26.00 | NOTE | |||
r-oldrel-macos-x86_64 | 1.0.0 | 43.00 | NOTE | |||
r-oldrel-windows-x86_64 | 1.0.0 | 11.00 | 82.00 | 93.00 | NOTE |
Version: 1.0.0
Check: LazyData
Result: NOTE
'LazyData' is specified without a 'data' directory
Flavors: r-oldrel-macos-arm64, r-oldrel-macos-x86_64, r-oldrel-windows-x86_64