Last updated on 2025-07-24 17:49:21 CEST.
Flavor | Version | Tinstall | Tcheck | Ttotal | Status | Flags |
---|---|---|---|---|---|---|
r-devel-linux-x86_64-debian-clang | 1.0.2 | 11.30 | 306.77 | 318.07 | NOTE | |
r-devel-linux-x86_64-debian-gcc | 1.0.2 | 8.41 | 229.42 | 237.83 | NOTE | |
r-devel-linux-x86_64-fedora-clang | 1.0.2 | 534.03 | OK | |||
r-devel-linux-x86_64-fedora-gcc | 1.0.2 | 531.61 | OK | |||
r-devel-windows-x86_64 | 1.0.2 | 15.00 | 374.00 | 389.00 | OK | |
r-patched-linux-x86_64 | 1.0.2 | 10.62 | 312.13 | 322.75 | OK | |
r-release-linux-x86_64 | 1.0.2 | 10.92 | 310.16 | 321.08 | OK | |
r-release-macos-arm64 | 1.0.2 | 181.00 | OK | |||
r-release-macos-x86_64 | 1.0.2 | 386.00 | OK | |||
r-release-windows-x86_64 | 1.0.2 | 15.00 | 375.00 | 390.00 | OK | |
r-oldrel-macos-arm64 | 1.0.2 | 170.00 | OK | |||
r-oldrel-macos-x86_64 | 1.0.2 | 289.00 | OK | |||
r-oldrel-windows-x86_64 | 1.0.2 | 19.00 | 470.00 | 489.00 | OK |
Version: 1.0.2
Check: CRAN incoming feasibility
Result: NOTE
Maintainer: ‘John J. Dziak <dziakj1@gmail.com>’
The Description field contains
Piper & Li (2021) <arXiv:2112.03960>. The model is similar to that of
Please refer to arXiv e-prints via their arXiv DOI <doi:10.48550/arXiv.YYMM.NNNNN>.
Flavors: r-devel-linux-x86_64-debian-clang, r-devel-linux-x86_64-debian-gcc