CRAN Package Check Results for Package estimraw

Last updated on 2025-07-22 17:50:32 CEST.

Flavor Version Tinstall Tcheck Ttotal Status Flags
r-devel-linux-x86_64-debian-clang 1.0.0 4.52 35.26 39.78 OK
r-devel-linux-x86_64-debian-gcc 1.0.0 3.24 26.22 29.46 OK
r-devel-linux-x86_64-fedora-clang 1.0.0 58.61 OK
r-devel-linux-x86_64-fedora-gcc 1.0.0 54.01 OK
r-devel-windows-x86_64 1.0.0 7.00 48.00 55.00 OK
r-patched-linux-x86_64 1.0.0 3.67 30.90 34.57 OK
r-release-linux-x86_64 1.0.0 4.25 31.12 35.37 OK
r-release-macos-arm64 1.0.0 21.00 OK
r-release-macos-x86_64 1.0.0 36.00 OK
r-release-windows-x86_64 1.0.0 6.00 52.00 58.00 OK
r-oldrel-macos-arm64 1.0.0 19.00 NOTE
r-oldrel-macos-x86_64 1.0.0 31.00 NOTE
r-oldrel-windows-x86_64 1.0.0 7.00 57.00 64.00 NOTE

Check Details

Version: 1.0.0
Check: LazyData
Result: NOTE 'LazyData' is specified without a 'data' directory Flavors: r-oldrel-macos-arm64, r-oldrel-macos-x86_64, r-oldrel-windows-x86_64