Last updated on 2025-07-22 17:50:32 CEST.
Flavor | Version | Tinstall | Tcheck | Ttotal | Status | Flags |
---|---|---|---|---|---|---|
r-devel-linux-x86_64-debian-clang | 1.3.3 | 15.47 | 294.06 | 309.53 | NOTE | |
r-devel-linux-x86_64-debian-gcc | 1.3.3 | 10.54 | 198.16 | 208.70 | NOTE | |
r-devel-linux-x86_64-fedora-clang | 1.3.3 | 479.61 | OK | |||
r-devel-linux-x86_64-fedora-gcc | 1.3.3 | 492.88 | OK | |||
r-devel-windows-x86_64 | 1.3.3 | 17.00 | 332.00 | 349.00 | NOTE | |
r-patched-linux-x86_64 | 1.3.3 | 17.92 | 277.26 | 295.18 | NOTE | |
r-release-linux-x86_64 | 1.3.3 | 14.76 | 282.07 | 296.83 | NOTE | |
r-release-macos-arm64 | 1.3.3 | 129.00 | OK | |||
r-release-macos-x86_64 | 1.3.3 | 551.00 | OK | |||
r-release-windows-x86_64 | 1.3.3 | 17.00 | 333.00 | 350.00 | NOTE | |
r-oldrel-macos-arm64 | 1.3.3 | 126.00 | OK | |||
r-oldrel-macos-x86_64 | 1.3.3 | 263.00 | OK | |||
r-oldrel-windows-x86_64 | 1.3.3 | 24.00 | 402.00 | 426.00 | OK |
Version: 1.3.3
Check: Rd cross-references
Result: NOTE
Found the following Rd file(s) with Rd \link{} targets missing package
anchors:
join_vars_to_ontol.Rd: tidygraph
metavariable_agg.Rd: tidygraph
Please provide package anchors for all Rd \link{} targets not in the
package itself and the base packages.
Flavors: r-devel-linux-x86_64-debian-clang, r-devel-linux-x86_64-debian-gcc, r-devel-windows-x86_64, r-patched-linux-x86_64, r-release-linux-x86_64, r-release-windows-x86_64