Last updated on 2025-07-28 09:49:59 CEST.
Flavor | Version | Tinstall | Tcheck | Ttotal | Status | Flags |
---|---|---|---|---|---|---|
r-devel-linux-x86_64-debian-clang | 1.1.1 | 42.68 | 94.70 | 137.38 | OK | |
r-devel-linux-x86_64-debian-gcc | 1.1.1 | 30.81 | 67.13 | 97.94 | OK | |
r-devel-linux-x86_64-fedora-clang | 1.1.1 | 220.36 | OK | |||
r-devel-linux-x86_64-fedora-gcc | 1.1.1 | 211.11 | OK | |||
r-devel-windows-x86_64 | 1.1.1 | 46.00 | 130.00 | 176.00 | OK | |
r-patched-linux-x86_64 | 1.1.1 | 43.48 | 88.99 | 132.47 | OK | |
r-release-linux-x86_64 | 1.1.1 | 42.05 | 89.06 | 131.11 | OK | |
r-release-macos-arm64 | 1.1.1 | 66.00 | OK | |||
r-release-macos-x86_64 | 1.1.1 | 130.00 | OK | |||
r-release-windows-x86_64 | 1.1.1 | 46.00 | 135.00 | 181.00 | OK | |
r-oldrel-macos-arm64 | 1.1.1 | 72.00 | NOTE | |||
r-oldrel-macos-x86_64 | 1.1.1 | 119.00 | NOTE | |||
r-oldrel-windows-x86_64 | 1.1.1 | 61.00 | 159.00 | 220.00 | NOTE |
Version: 1.1.1
Check: installed package size
Result: NOTE
installed size is 5.7Mb
sub-directories of 1Mb or more:
data 5.3Mb
Flavors: r-oldrel-macos-arm64, r-oldrel-macos-x86_64, r-oldrel-windows-x86_64