CRAN Package Check Results for Package dafishr

Last updated on 2025-07-22 09:50:30 CEST.

Flavor Version Tinstall Tcheck Ttotal Status Flags
r-devel-linux-x86_64-debian-clang 1.0.1 6.95 65.74 72.69 NOTE
r-devel-linux-x86_64-debian-gcc 1.0.1 4.11 48.83 52.94 NOTE
r-devel-linux-x86_64-fedora-clang 1.0.1 110.99 NOTE
r-devel-linux-x86_64-fedora-gcc 1.0.1 119.36 NOTE
r-devel-windows-x86_64 1.0.1 9.00 79.00 88.00 NOTE
r-patched-linux-x86_64 1.0.1 6.18 61.25 67.43 NOTE
r-release-linux-x86_64 1.0.1 6.29 60.99 67.28 NOTE
r-release-macos-arm64 1.0.1 44.00 NOTE
r-release-macos-x86_64 1.0.1 78.00 NOTE
r-release-windows-x86_64 1.0.1 10.00 86.00 96.00 NOTE
r-oldrel-macos-arm64 1.0.1 41.00 OK
r-oldrel-macos-x86_64 1.0.1 120.00 OK
r-oldrel-windows-x86_64 1.0.1 12.00 98.00 110.00 OK

Check Details

Version: 1.0.1
Check: DESCRIPTION meta-information
Result: NOTE Missing dependency on R >= 4.1.0 because package code uses the pipe |> or function shorthand \(...) syntax added in R 4.1.0. File(s) using such syntax: ‘clean_land_points.R’ ‘join_mpa_data.R’ ‘join_mpa_data.Rd’ ‘join_ports_locations.R’ ‘model_vms.R’ ‘vms_clean.R’ Flavors: r-devel-linux-x86_64-debian-clang, r-devel-linux-x86_64-debian-gcc, r-devel-linux-x86_64-fedora-clang, r-devel-linux-x86_64-fedora-gcc, r-devel-windows-x86_64, r-patched-linux-x86_64, r-release-linux-x86_64, r-release-macos-arm64, r-release-windows-x86_64

Version: 1.0.1
Check: DESCRIPTION meta-information
Result: NOTE Missing dependency on R >= 4.1.0 because package code uses the pipe |> or function shorthand \(...) syntax added in R 4.1.0. File(s) using such syntax: ‘clean_land_points.R’ ‘join_mpa_data.R’ ‘join_ports_locations.R’ ‘model_vms.R’ ‘vms_clean.R’ Flavor: r-release-macos-x86_64