CRAN Package Check Results for Package codexcopd

Last updated on 2025-07-25 17:49:53 CEST.

Flavor Version Tinstall Tcheck Ttotal Status Flags
r-devel-linux-x86_64-debian-clang 0.1.0 1.49 16.59 18.08 OK
r-devel-linux-x86_64-debian-gcc 0.1.0 1.34 14.57 15.91 OK
r-devel-linux-x86_64-fedora-clang 0.1.0 28.09 OK
r-devel-linux-x86_64-fedora-gcc 0.1.0 27.31 OK
r-devel-windows-x86_64 0.1.0 2.00 33.00 35.00 OK
r-patched-linux-x86_64 0.1.0 1.52 15.43 16.95 OK
r-release-linux-x86_64 0.1.0 1.38 15.20 16.58 OK
r-release-macos-arm64 0.1.0 13.00 OK
r-release-macos-x86_64 0.1.0 20.00 OK
r-release-windows-x86_64 0.1.0 2.00 37.00 39.00 OK
r-oldrel-macos-arm64 0.1.0 22.00 NOTE
r-oldrel-macos-x86_64 0.1.0 20.00 NOTE
r-oldrel-windows-x86_64 0.1.0 3.00 34.00 37.00 NOTE

Check Details

Version: 0.1.0
Check: LazyData
Result: NOTE 'LazyData' is specified without a 'data' directory Flavors: r-oldrel-macos-arm64, r-oldrel-macos-x86_64, r-oldrel-windows-x86_64