Last updated on 2025-07-21 09:49:49 CEST.
Flavor | Version | Tinstall | Tcheck | Ttotal | Status | Flags |
---|---|---|---|---|---|---|
r-devel-linux-x86_64-debian-clang | 0.1.0 | 7.62 | 91.30 | 98.92 | OK | |
r-devel-linux-x86_64-debian-gcc | 0.1.0 | 5.97 | 64.03 | 70.00 | OK | |
r-devel-linux-x86_64-fedora-clang | 0.1.0 | 147.00 | OK | |||
r-devel-linux-x86_64-fedora-gcc | 0.1.0 | 143.68 | OK | |||
r-devel-windows-x86_64 | 0.1.0 | 13.00 | 193.00 | 206.00 | OK | |
r-patched-linux-x86_64 | 0.1.0 | 13.78 | 83.48 | 97.26 | OK | |
r-release-linux-x86_64 | 0.1.0 | 7.34 | 85.45 | 92.79 | OK | |
r-release-macos-arm64 | 0.1.0 | 49.00 | OK | |||
r-release-macos-x86_64 | 0.1.0 | 109.00 | OK | |||
r-release-windows-x86_64 | 0.1.0 | 13.00 | 211.00 | 224.00 | OK | |
r-oldrel-macos-arm64 | 0.1.0 | 45.00 | NOTE | |||
r-oldrel-macos-x86_64 | 0.1.0 | 69.00 | NOTE | |||
r-oldrel-windows-x86_64 | 0.1.0 | 12.00 | 178.00 | 190.00 | NOTE |
Version: 0.1.0
Check: LazyData
Result: NOTE
'LazyData' is specified without a 'data' directory
Flavors: r-oldrel-macos-arm64, r-oldrel-macos-x86_64, r-oldrel-windows-x86_64