CRAN Package Check Results for Package c3net

Last updated on 2025-07-24 09:49:53 CEST.

Flavor Version Tinstall Tcheck Ttotal Status Flags
r-devel-linux-x86_64-debian-clang 1.1.1.1 2.44 46.62 49.06 NOTE
r-devel-linux-x86_64-debian-gcc 1.1.1.1 2.24 37.08 39.32 NOTE
r-devel-linux-x86_64-fedora-clang 1.1.1.1 77.46 OK
r-devel-linux-x86_64-fedora-gcc 1.1.1.1 77.57 OK
r-devel-windows-x86_64 1.1.1.1 4.00 113.00 117.00 OK
r-patched-linux-x86_64 1.1.1.1 3.31 44.44 47.75 OK
r-release-linux-x86_64 1.1.1.1 2.82 44.89 47.71 OK
r-release-macos-arm64 1.1.1.1 82.00 OK
r-release-macos-x86_64 1.1.1.1 103.00 OK
r-release-windows-x86_64 1.1.1.1 4.00 112.00 116.00 OK
r-oldrel-macos-arm64 1.1.1.1 43.00 OK
r-oldrel-macos-x86_64 1.1.1.1 67.00 OK
r-oldrel-windows-x86_64 1.1.1.1 6.00 105.00 111.00 OK

Check Details

Version: 1.1.1.1
Check: CRAN incoming feasibility
Result: NOTE Maintainer: ‘Gokmen Altay <altayscience@gmail.com>’ No Authors@R field in DESCRIPTION. Please add one, modifying Authors@R: c(person(given = "Gokmen", family = "Altay", role = c("aut", "cre"), email = "altayscience@gmail.com"), person(given = "Frank", family = "Emmert-Streib", role = "aut")) as necessary. Package CITATION file contains call(s) to old-style citEntry(). Please use bibentry() instead. Flavors: r-devel-linux-x86_64-debian-clang, r-devel-linux-x86_64-debian-gcc